{"id":969,"date":"2021-02-28T19:59:12","date_gmt":"2021-02-28T18:59:12","guid":{"rendered":"https:\/\/priroda-uvadi.cz\/beauty\/?post_type=product&#038;p=969"},"modified":"2026-04-24T11:38:07","modified_gmt":"2026-04-24T09:38:07","slug":"krem-pro-omlazeni-pleti-diamond-cellular","status":"publish","type":"product","link":"https:\/\/priroda-uvadi.cz\/beauty\/produkt\/krem-pro-omlazeni-pleti-diamond-cellular\/","title":{"rendered":"Kr\u00e9m pro omlazen\u00ed pleti Diamond Cellular 50ml"},"content":{"rendered":"<div class=\"active-ingredients\">\n<div class=\"MuiCollapse-root MuiCollapse-vertical MuiCollapse-entered product-detail-c4sutr\">\n<div class=\"MuiCollapse-wrapper MuiCollapse-vertical product-detail-hboir5\">\n<div class=\"MuiCollapse-wrapperInner MuiCollapse-vertical product-detail-8atqhb\">\n<div class=\"MuiAccordion-region\" role=\"region\">\n<div class=\"MuiAccordionDetails-root product-detail-wpxdbb\">\n<div class=\"MuiBox-root product-detail-8atqhb\">\n<div class=\"product-detail-bwy4oe\">\n<p><span style=\"font-family: arial, helvetica, sans-serif; color: #000000;\">Kl\u00ed\u010dov\u00e9 ingredience obsahuj\u00ed:<\/span><\/p>\n<p><span style=\"font-family: arial, helvetica, sans-serif; font-size: 12pt; color: #000000;\">Diamond Elixir TM. Skl\u00e1d\u00e1 se ze slo\u017eek:<\/span><\/p>\n<ul>\n<li><span style=\"font-family: arial, helvetica, sans-serif; font-size: 12pt; color: #000000;\"><strong>Diamantov\u00fd prach<\/strong>: projas\u0148uje a zklid\u0148uje ple\u0165.<\/span><\/li>\n<li><span style=\"font-family: arial, helvetica, sans-serif; font-size: 12pt; color: #000000;\"><strong>B\u00edl\u00e9 lan\u00fd\u017ee<\/strong> (extrakt z Tuber aestiyum): pom\u00e1h\u00e1 zlep\u0161it vzhled pleti; z\u00e1rove\u0148 m\u00e1 toniza\u010dn\u00ed a vyhlazuj\u00edc\u00ed \u00fa\u010dinek na vr\u00e1sky.<\/span><\/li>\n<li><span style=\"font-family: arial, helvetica, sans-serif; font-size: 12pt; color: #000000;\"><strong>Aktivn\u00ed slo\u017eka projas\u0148uj\u00edc\u00ed ple\u0165 <\/strong>extrakt z hrachu set\u00e9ho\/Pisum sativum): pom\u00e1h\u00e1 redukovat nerovnom\u011brnou pigmentaci a zlep\u0161it t\u00f3n pleti<\/span><\/li>\n<\/ul>\n<p>&#8212;&#8212;&#8212;&#8212;&#8212;&#8212;&#8212;&#8212;&#8212;&#8212;&#8212;&#8212;&#8212;&#8212;&#8212;&#8212;&#8212;&#8212;&#8212;&#8212;&#8212;&#8212;&#8212;&#8212;&#8212;&#8212;&#8212;&#8212;&#8212;&#8212;&#8212;&#8212;&#8212;&#8212;&#8212;&#8212;&#8212;&#8212;&#8212;&#8212;&#8212;&#8212;&#8212;&#8212;&#8212;&#8212;&#8212;&#8212;&#8212;&#8212;&#8212;&#8212;-<\/p>\n<\/div>\n<div class=\"MuiBox-root product-detail-cjr3gg\">\n<div><span style=\"font-family: arial, helvetica, sans-serif; font-size: 10pt;\">V\u0161echny slo\u017eky<\/span><\/div>\n<div><span style=\"font-family: arial, helvetica, sans-serif; font-size: 10pt;\">AQUA, BIS-HYDROXYETHOXYPROPYL DIMETHICONE, CAPRYLIC\/CAPRIC TRIGLYCERIDE, BUTYLENE GLYCOL, GLYCERIN, ISONONYL ISONONANOATE, PENTAERYTHRITYL DISTEARATE, DIMETHICONE, CYCLOPENTASILOXANE, C20-22 ALKYL PHOSPHATE, ALUMINUM STARCH OCTENYLSUCCINATE, C20-22 ALCOHOLS, STEARYL ALCOHOL, DIMETHICONE\/VINYL DIMETHICONE CROSSPOLYMER, CETYL ALCOHOL, SUCROSE DILAURATE, SODIUM ACRYLATE\/SODIUM ACRYLOYLDIMETHYL TAURATE COPOLYMER, PARFUM, PALMITOYL PROLINE, METHYLPARABEN, DIMETHICONOL, IMIDAZOLIDINYL UREA, ISOHEXADECANE, PROPYLPARABEN, SYNTHETIC FLUORPHLOGOPITE, POLYSORBATE 20, SODIUM HYDROXIDE, DISODIUM EDTA, SODIUM POLYACRYLATE, MAGNESIUM PALMITOYL GLUTAMATE, SODIUM PALMITOYL SARCOSINATE, POLYSORBATE 80, PISUM SATIVUM EXTRACT, PHENOXYETHANOL, SILICA, CARBOMER, SODIUM LACTATE, CAPRYLYL GLYCOL, DIAMOND POWDER, P-ANISIC ACID, SODIUM CITRATE, SORBIC ACID, MYRTUS COMMUNIS EXTRACT, TUBER AESTIVUM EXTRACT, POTASSIUM SORBATE, HELICHRYSUM STOECHAS EXTRACT, CHLORPHENESIN, PALMITOYL TRIPEPTIDE-1, SODIUM BENZOATE, ETHYLHEXYLGLYCERIN, PALMITOYL TETRAPEPTIDE-7, POGOSTEMON CABLIN LEAF OIL, CITRIC ACID<\/span><\/div>\n<\/div>\n<\/div>\n<\/div>\n<\/div>\n<\/div>\n<\/div>\n<\/div>\n<\/div>\n","protected":false},"excerpt":{"rendered":"<div class=\"product-detail-1dv05e4\" data-testid=\"Presentation-product-detail-info-and-benefits\">\n<div class=\"product-detail-dbszwy\" data-testid=\"Presentation-product-detail-summary-info\"><span style=\"font-family: arial, helvetica, sans-serif; color: #000000;\">Rozlu\u010dte se s nejednotn\u00fdm t\u00f3nem pleti, s pigmentac\u00ed a jemn\u00fdmi linkami \u2013 d\u00edky na\u0161emu kr\u00e9mu proti st\u00e1rnut\u00ed. Tento velmi \u00fa\u010dinn\u00fd kr\u00e9m ple\u0165 nejen prosv\u011btluje, ale tak\u00e9 vyhlazuje jemn\u00e9 linky a vr\u00e1sky.\u00a0\u00a0 <\/span><span style=\"font-family: arial, helvetica, sans-serif; color: #000000;\">50ml<\/span><\/div>\n<div data-testid=\"Presentation-product-detail-summary-info\">\n<div class=\"MuiCollapse-root MuiCollapse-vertical MuiCollapse-entered product-detail-c4sutr\">\n<div class=\"MuiCollapse-wrapper MuiCollapse-vertical product-detail-hboir5\">\n<div class=\"MuiCollapse-wrapperInner MuiCollapse-vertical product-detail-8atqhb\">\n<div class=\"MuiAccordion-region\" role=\"region\">\n<div class=\"MuiAccordionDetails-root product-detail-wpxdbb\">\n<div class=\"product-detail-bwy4oe\"><span style=\"font-family: arial, helvetica, sans-serif; color: #000000;\">Obsahuje exkluzivn\u00ed diamantov\u00fd elix\u00edr, sm\u011bs skute\u010dn\u00e9ho diamantov\u00e9ho pr\u00e1\u0161ku a v\u00fdta\u017eku z\u00a0b\u00edl\u00fdch lan\u00fd\u017e\u016f. Tato luxusn\u00ed kolekce proti st\u00e1rnut\u00ed va\u0161i ple\u0165 omlazuje na bun\u011b\u010dn\u00e9 \u00farovni a dop\u0159\u00e1v\u00e1 v\u00e1m n\u00e1dhernou, mladistvou, proz\u00e1\u0159enou poko\u017eku.<\/span><\/div>\n<\/div>\n<\/div>\n<\/div>\n<\/div>\n<\/div>\n<\/div>\n<\/div>\n<div class=\"woocommerce-product-details__short-description\">\n<p><span style=\"font-family: arial, helvetica, sans-serif; font-size: 10pt;\">Nejni\u017e\u0161\u00ed cena platn\u00e1 ve 30 dnech p\u0159ed platnost\u00ed sou\u010dasn\u00e9 ceny byla 390 K\u010d.<\/span><\/p>\n<\/div>\n","protected":false},"featured_media":970,"comment_status":"closed","ping_status":"closed","template":"","meta":[],"pwb-brand":[27],"product_brand":[91],"product_cat":[40,30],"product_tag":[],"class_list":{"0":"post-969","1":"product","2":"type-product","3":"status-publish","4":"has-post-thumbnail","6":"pwb-brand-https-cz-oriflame-com-cataloguesstorebeautyobchod","7":"product_brand-oriflame","8":"product_cat-denni-kremy","9":"product_cat-pece-o-plet","11":"first","12":"instock","13":"sale","14":"taxable","15":"shipping-taxable","16":"purchasable","17":"product-type-simple"},"brands":[{"id":27,"name":"Oriflame","slug":"https-cz-oriflame-com-cataloguesstorebeautyobchod"}],"_links":{"self":[{"href":"https:\/\/priroda-uvadi.cz\/beauty\/wp-json\/wp\/v2\/product\/969","targetHints":{"allow":["GET"]}}],"collection":[{"href":"https:\/\/priroda-uvadi.cz\/beauty\/wp-json\/wp\/v2\/product"}],"about":[{"href":"https:\/\/priroda-uvadi.cz\/beauty\/wp-json\/wp\/v2\/types\/product"}],"replies":[{"embeddable":true,"href":"https:\/\/priroda-uvadi.cz\/beauty\/wp-json\/wp\/v2\/comments?post=969"}],"wp:featuredmedia":[{"embeddable":true,"href":"https:\/\/priroda-uvadi.cz\/beauty\/wp-json\/wp\/v2\/media\/970"}],"wp:attachment":[{"href":"https:\/\/priroda-uvadi.cz\/beauty\/wp-json\/wp\/v2\/media?parent=969"}],"wp:term":[{"taxonomy":"pwb-brand","embeddable":true,"href":"https:\/\/priroda-uvadi.cz\/beauty\/wp-json\/wp\/v2\/pwb-brand?post=969"},{"taxonomy":"product_brand","embeddable":true,"href":"https:\/\/priroda-uvadi.cz\/beauty\/wp-json\/wp\/v2\/product_brand?post=969"},{"taxonomy":"product_cat","embeddable":true,"href":"https:\/\/priroda-uvadi.cz\/beauty\/wp-json\/wp\/v2\/product_cat?post=969"},{"taxonomy":"product_tag","embeddable":true,"href":"https:\/\/priroda-uvadi.cz\/beauty\/wp-json\/wp\/v2\/product_tag?post=969"}],"curies":[{"name":"wp","href":"https:\/\/api.w.org\/{rel}","templated":true}]}}