{"id":829,"date":"2021-01-26T10:09:55","date_gmt":"2021-01-26T09:09:55","guid":{"rendered":"https:\/\/priroda-uvadi.cz\/beauty\/?post_type=product&#038;p=829"},"modified":"2026-04-17T09:37:33","modified_gmt":"2026-04-17T07:37:33","slug":"rasenka-the-one-double-effect-black","status":"publish","type":"product","link":"https:\/\/priroda-uvadi.cz\/beauty\/produkt\/rasenka-the-one-double-effect-black\/","title":{"rendered":"\u0158asenka The ONE Double Effect-Black 8ml"},"content":{"rendered":"<div class=\"product-detail-1ek59ni\">\n<p><span style=\"font-family: arial, helvetica, sans-serif; color: #000000;\">Dv\u011b v\u00ed\u010dka, dva \u00fa\u017easn\u00e9 v\u00fdsledky:<\/span><\/p>\n<ol>\n<li><span style=\"font-family: arial, helvetica, sans-serif; color: #000000;\">D\u00e9lka \/ zv\u00fdrazn\u011bn\u00ed \u2013 \u0159asy jsou oproti nenal\u00ed\u010den\u00fdm o 60 % del\u0161\u00ed a nav\u00edc (klinicky prok\u00e1z\u00e1no) zv\u00fdrazn\u011bn\u00e9. \u2206<\/span><\/li>\n<li><span style=\"font-family: arial, helvetica, sans-serif; color: #000000;\">Objem \u2013 a\u017e 11x v\u011bt\u0161\u00ed objem oproti nenal\u00ed\u010den\u00fdm \u0159as\u00e1m. \u2206+<\/span><\/li>\n<li><span style=\"font-family: arial, helvetica, sans-serif; color: #000000;\">Intenzivn\u011b \u010dern\u00fd odst\u00edn se nerozmaz\u00e1v\u00e1 a vydr\u017e\u00ed cel\u00fd den. *<\/span><\/li>\n<\/ol>\n<p><span style=\"font-family: arial, helvetica, sans-serif; color: #000000;\">\u2206 Klinicky testov\u00e1no * Spot\u0159ebitelsky testov\u00e1no<\/span><\/p>\n<p><span style=\"font-family: arial, helvetica, sans-serif; font-size: 10pt; color: #000000;\">&#8212;&#8212;&#8212;&#8212;&#8212;&#8212;&#8212;&#8212;&#8212;&#8212;&#8212;&#8212;&#8212;&#8212;&#8212;&#8212;&#8212;&#8212;&#8212;&#8212;&#8212;&#8212;&#8212;&#8212;&#8212;&#8212;&#8212;&#8212;&#8212;&#8212;&#8212;&#8212;&#8212;&#8212;&#8212;&#8212;&#8212;&#8212;&#8212;&#8212;&#8212;&#8212;&#8212;<\/span><\/p>\n<\/div>\n<div class=\"MuiBox-root product-detail-cjr3gg\">\n<div><span style=\"font-family: arial, helvetica, sans-serif; font-size: 10pt; color: #000000;\">V\u0161echny slo\u017eky<\/span><\/div>\n<div><span style=\"font-family: arial, helvetica, sans-serif; font-size: 10pt; color: #000000;\">AQUA, CERA ALBA, ORYZA SATIVA CERA, BUTYLENE GLYCOL, STEARIC ACID, ACACIA SENEGAL GUM, METHYLGLUCAMINE, PALMITIC ACID, PVP, COPERNICIA CERIFERA CERA, CYCLOPENTASILOXANE, CERA MICROCRISTALLINA, ACRYLATES COPOLYMER, CYCLOHEXASILOXANE, PARAFFIN, HYDROXYETHYLCELLULOSE, PANTHENOL, VP\/EICOSENE COPOLYMER, DIMETHICONE, STYRENE\/ACRYLATES COPOLYMER, PROPYLENE GLYCOL, BHT, LAURETH-21, DISODIUM PHOSPHATE, SODIUM PHOSPHATE, POLYSORBATE 60, IMIDAZOLIDINYL UREA, METHYLPARABEN, DISODIUM EDTA, PROPYLPARABEN, SODIUM DEHYDROACETATE, PHENOXYETHANOL, ETHYLPARABEN, +\/-: CI 77499, CI 77266<\/span><\/div>\n<\/div>\n","protected":false},"excerpt":{"rendered":"<div class=\"tab g-center g12 active show-more-wrap\" data-rwd=\"{&quot;cssClass&quot;:{&quot;-1&quot;:&quot;g12&quot;,&quot;0&quot;:&quot;g9&quot;,&quot;1&quot;:&quot;g14&quot;,&quot;2&quot;:&quot;g18&quot;}}\">\n<p><span style=\"font-family: arial, helvetica, sans-serif; color: #000000;\">Jedna \u0159asenka. Dva dramatick\u00e9 styly \u0159as.<\/span><\/p>\n<p><span style=\"font-family: arial, helvetica, sans-serif; color: #000000;\">Intenzivn\u011b \u010dern\u00e1 \u0159asenka s dvoj\u00edm kart\u00e1\u010dkem nab\u00edz\u00ed dva efekty: pou\u017eit\u00ed horn\u00edho v\u00ed\u010dka dod\u00e1 d\u00e9lku a zv\u00fdrazn\u00ed, pou\u017eit\u00edm spodn\u00edho v\u00ed\u010dka z\u00edsk\u00e1te dramatick\u00fd objem \u2013 nebo m\u016f\u017eete oba efekty spojit a vytvo\u0159it vzhled na m\u00edru.<\/span><\/p>\n<p><span style=\"font-family: arial, helvetica, sans-serif; color: #000000;\">Kr\u00e9mov\u00e1 konzistence, kter\u00e1 se nabaluje a nerozmaz\u00e1v\u00e1, vydr\u017e\u00ed cel\u00fd den. <\/span><span style=\"font-family: arial, helvetica, sans-serif; color: #000000;\">8ml<\/span><\/p>\n<div class=\"woocommerce-product-details__short-description\">\n<div class=\"woocommerce-product-details__short-description\">\n<p><span style=\"font-family: arial, helvetica, sans-serif; font-size: 10pt;\">Nejni\u017e\u0161\u00ed cena platn\u00e1 ve 30 dnech p\u0159ed platnost\u00ed sou\u010dasn\u00e9 ceny byla 160 K\u010d.<\/span><\/p>\n<\/div>\n<\/div>\n<\/div>\n","protected":false},"featured_media":830,"comment_status":"closed","ping_status":"closed","template":"","meta":[],"pwb-brand":[27],"product_brand":[91],"product_cat":[46,50],"product_tag":[],"class_list":{"0":"post-829","1":"product","2":"type-product","3":"status-publish","4":"has-post-thumbnail","6":"pwb-brand-https-cz-oriflame-com-cataloguesstorebeautyobchod","7":"product_brand-oriflame","8":"product_cat-dekorativni-kosmetika","9":"product_cat-rasenky","11":"first","12":"instock","13":"sale","14":"taxable","15":"shipping-taxable","16":"purchasable","17":"product-type-simple"},"brands":[{"id":27,"name":"Oriflame","slug":"https-cz-oriflame-com-cataloguesstorebeautyobchod"}],"_links":{"self":[{"href":"https:\/\/priroda-uvadi.cz\/beauty\/wp-json\/wp\/v2\/product\/829","targetHints":{"allow":["GET"]}}],"collection":[{"href":"https:\/\/priroda-uvadi.cz\/beauty\/wp-json\/wp\/v2\/product"}],"about":[{"href":"https:\/\/priroda-uvadi.cz\/beauty\/wp-json\/wp\/v2\/types\/product"}],"replies":[{"embeddable":true,"href":"https:\/\/priroda-uvadi.cz\/beauty\/wp-json\/wp\/v2\/comments?post=829"}],"wp:featuredmedia":[{"embeddable":true,"href":"https:\/\/priroda-uvadi.cz\/beauty\/wp-json\/wp\/v2\/media\/830"}],"wp:attachment":[{"href":"https:\/\/priroda-uvadi.cz\/beauty\/wp-json\/wp\/v2\/media?parent=829"}],"wp:term":[{"taxonomy":"pwb-brand","embeddable":true,"href":"https:\/\/priroda-uvadi.cz\/beauty\/wp-json\/wp\/v2\/pwb-brand?post=829"},{"taxonomy":"product_brand","embeddable":true,"href":"https:\/\/priroda-uvadi.cz\/beauty\/wp-json\/wp\/v2\/product_brand?post=829"},{"taxonomy":"product_cat","embeddable":true,"href":"https:\/\/priroda-uvadi.cz\/beauty\/wp-json\/wp\/v2\/product_cat?post=829"},{"taxonomy":"product_tag","embeddable":true,"href":"https:\/\/priroda-uvadi.cz\/beauty\/wp-json\/wp\/v2\/product_tag?post=829"}],"curies":[{"name":"wp","href":"https:\/\/api.w.org\/{rel}","templated":true}]}}

Řasenka The ONE Double Effect-Black 8ml

<div class="product-detail-1ek59ni">
<p><span style="font-family: arial, helvetica, sans-serif; color: #000000;">Dvě víčka, dva úžasné výsledky:</span></p>
<ol>
<li><span style="font-family: arial, helvetica, sans-serif; color: #000000;">Délka / zvýraznění – řasy jsou oproti nenalíčeným o 60 % delší a navíc (klinicky prokázáno) zvýrazněné. ∆</span></li>
<li><span style="font-family: arial, helvetica, sans-serif; color: #000000;">Objem – až 11x větší objem oproti nenalíčeným řasám. ∆+</span></li>
<li><span style="font-family: arial, helvetica, sans-serif; color: #000000;">Intenzivně černý odstín se nerozmazává a vydrží celý den. *</span></li>
</ol>
<p><span style="font-family: arial, helvetica, sans-serif; color: #000000;">∆ Klinicky testováno * Spotřebitelsky testováno</span></p>
<p><span style="font-family: arial, helvetica, sans-serif; font-size: 10pt; color: #000000;">&#8212;&#8212;&#8212;&#8212;&#8212;&#8212;&#8212;&#8212;&#8212;&#8212;&#8212;&#8212;&#8212;&#8212;&#8212;&#8212;&#8212;&#8212;&#8212;&#8212;&#8212;&#8212;&#8212;&#8212;&#8212;&#8212;&#8212;&#8212;&#8212;&#8212;&#8212;&#8212;&#8212;&#8212;&#8212;&#8212;&#8212;&#8212;&#8212;&#8212;&#8212;&#8212;&#8212;</span></p>
</div>
<div class="MuiBox-root product-detail-cjr3gg">
<div><span style="font-family: arial, helvetica, sans-serif; font-size: 10pt; color: #000000;">Všechny složky</span></div>
<div><span style="font-family: arial, helvetica, sans-serif; font-size: 10pt; color: #000000;">AQUA, CERA ALBA, ORYZA SATIVA CERA, BUTYLENE GLYCOL, STEARIC ACID, ACACIA SENEGAL GUM, METHYLGLUCAMINE, PALMITIC ACID, PVP, COPERNICIA CERIFERA CERA, CYCLOPENTASILOXANE, CERA MICROCRISTALLINA, ACRYLATES COPOLYMER, CYCLOHEXASILOXANE, PARAFFIN, HYDROXYETHYLCELLULOSE, PANTHENOL, VP/EICOSENE COPOLYMER, DIMETHICONE, STYRENE/ACRYLATES COPOLYMER, PROPYLENE GLYCOL, BHT, LAURETH-21, DISODIUM PHOSPHATE, SODIUM PHOSPHATE, POLYSORBATE 60, IMIDAZOLIDINYL UREA, METHYLPARABEN, DISODIUM EDTA, PROPYLPARABEN, SODIUM DEHYDROACETATE, PHENOXYETHANOL, ETHYLPARABEN, +/-: CI 77499, CI 77266</span></div>
</div>

<div class="tab g-center g12 active show-more-wrap" data-rwd="{&quot;cssClass&quot;:{&quot;-1&quot;:&quot;g12&quot;,&quot;0&quot;:&quot;g9&quot;,&quot;1&quot;:&quot;g14&quot;,&quot;2&quot;:&quot;g18&quot;}}">
<p><span style="font-family: arial, helvetica, sans-serif; color: #000000;">Jedna řasenka. Dva dramatické styly řas.</span></p>
<p><span style="font-family: arial, helvetica, sans-serif; color: #000000;">Intenzivně černá řasenka s dvojím kartáčkem nabízí dva efekty: použití horního víčka dodá délku a zvýrazní, použitím spodního víčka získáte dramatický objem – nebo můžete oba efekty spojit a vytvořit vzhled na míru.</span></p>
<p><span style="font-family: arial, helvetica, sans-serif; color: #000000;">Krémová konzistence, která se nabaluje a nerozmazává, vydrží celý den. </span><span style="font-family: arial, helvetica, sans-serif; color: #000000;">8ml</span></p>
<div class="woocommerce-product-details__short-description">
<div class="woocommerce-product-details__short-description">
<p><span style="font-family: arial, helvetica, sans-serif; font-size: 10pt;">Nejnižší cena platná ve 30 dnech před platností současné ceny byla 160 Kč.</span></p>
</div>
</div>
</div>
