{"id":8016,"date":"2025-10-29T12:03:09","date_gmt":"2025-10-29T11:03:09","guid":{"rendered":"https:\/\/priroda-uvadi.cz\/beauty\/?post_type=product&#038;p=8016"},"modified":"2026-02-18T14:42:11","modified_gmt":"2026-02-18T13:42:11","slug":"parfemovana-voda-divine-dark-velvet-edp-50ml","status":"publish","type":"product","link":"https:\/\/priroda-uvadi.cz\/beauty\/produkt\/parfemovana-voda-divine-dark-velvet-edp-50ml\/","title":{"rendered":"Parf\u00e9movan\u00e1 voda Divine Dark Velvet EDP 50ml"},"content":{"rendered":"<p class=\"MuiTypography-root MuiTypography-body1 products-app-emotion-1qn0wr5\"><span style=\"font-family: arial, helvetica, sans-serif; color: #000000;\">NOC PAT\u0158\u00cd V\u00c1M<\/span><\/p>\n<p class=\"MuiTypography-root MuiTypography-body1 products-app-emotion-1qn0wr5\"><span style=\"font-family: arial, helvetica, sans-serif; font-size: 12pt;\">Kdy\u017e noc zavol\u00e1, odpov\u00ed j\u00ed va\u0161e vnit\u0159n\u00ed diva t\u00f3ny parf\u00e9movan\u00e9 vody Divine Dark Velvet. Ka\u017ed\u00e1 kapka sametov\u00e9ho parf\u00e9mu vy\u010daruje podmaniv\u00fd oblak sebev\u011bdom\u00e9 energie a vy s ka\u017ed\u00fdm krokem dob\u00fdv\u00e1te sv\u011bt, proto\u017ee p\u0159ehl\u00eddkov\u00e9 molo je tam, kde jste vy\u2026 hrd\u011b vykro\u010dte a bu\u010fte p\u0159ipraven\u00e1 z\u00e1\u0159it!<\/span><\/p>\n<p class=\"MuiTypography-root MuiTypography-body1 products-app-emotion-1qn0wr5\"><span style=\"font-family: arial, helvetica, sans-serif; font-size: 12pt;\">TEMN\u011a KV\u011aTINOV\u00c1, OMAMN\u011a GURM\u00c1NSK\u00c1<\/span><\/p>\n<p class=\"MuiTypography-root MuiTypography-body1 products-app-emotion-1qn0wr5\"><span style=\"font-family: arial, helvetica, sans-serif; font-size: 12pt;\">Neodolateln\u00e1, n\u00e1vykov\u00e1, okouzluj\u00edc\u00ed \u2013 tato temn\u011b sametov\u00e1 v\u016fn\u011b v\u00e1s obklop\u00ed fascinuj\u00edc\u00ed silou hebkosti \u010dern\u00e9 r\u016f\u017ee Black Baccara dotv\u00e1\u0159en\u00e9 hlubok\u00fdmi gurm\u00e1nsk\u00fdmi aspekty.<\/span><\/p>\n<p class=\"MuiTypography-root MuiTypography-body1 products-app-emotion-1qn0wr5\"><span style=\"font-family: arial, helvetica, sans-serif; font-size: 12pt;\">OSLNIV\u00c1 HRA SMYSL\u016e<\/span><\/p>\n<p class=\"MuiTypography-root MuiTypography-body1 products-app-emotion-1qn0wr5\"><span style=\"font-family: arial, helvetica, sans-serif; font-size: 12pt;\">P\u016fvabn\u00e1 silueta flakonu parf\u00e9movan\u00e9 vody Divine Dark Velvet inspirovan\u00e1 \u0161aty ve stylu haute couture okouzl\u00ed matn\u011b \u010dern\u00fdm zpracov\u00e1n\u00edm \u2013 jako sametov\u011b \u010dern\u00e9 \u0161aty!<\/span><\/p>\n<p class=\"MuiTypography-root MuiTypography-body1 products-app-emotion-1qn0wr5\"><span style=\"font-family: arial, helvetica, sans-serif; color: #000000;\">U\u017e s prvn\u00ed kapkou se v akordu Dark Plum rozl\u00e9v\u00e1 \u00fachvatn\u00e1 energie kr\u00e1lovny p\u00f3dia a lahod\u00ed t\u00e9 str\u00e1nce va\u0161eho j\u00e1, kter\u00e1 tak r\u00e1da fascinuje. Noc v\u00e1s vol\u00e1 a \u017eezla se uj\u00edm\u00e1 sametov\u00e1, \u010dern\u00e1 r\u016f\u017ee Black Baccara \u2013 obklopuje v\u00e1s oblakem p\u0159epychov\u00e9, mocn\u00e9 hebkosti protkan\u00e9 aspekty \u010dern\u00e9 k\u00e1vy a akordu gard\u00e9nie. Dramatick\u00e1 hloubka v\u016fn\u011b rezonuje atmosf\u00e9rou, kter\u00e9 nelze odolat, plnou intenzity pa\u010duli, z\u00e1\u0159iv\u00fdch z\u00e1blesk\u016f Ambrofixu a syt\u011b gurm\u00e1nsk\u00fdch aspekt\u016f temn\u00e9 vanilky.<\/span><\/p>\n<p><span style=\"font-family: arial, helvetica, sans-serif; color: #000000;\"><strong class=\"MuiTypography-root MuiTypography-body1 products-app-emotion-1rnazt1\">Rodina v\u016fn\u00ed<\/strong><\/span><\/p>\n<p class=\"MuiTypography-root MuiTypography-body1 products-app-emotion-1qn0wr5\"><span style=\"font-family: arial, helvetica, sans-serif; color: #000000;\">Kv\u011btinov\u00e1, d\u0159evit\u00e1<\/span><\/p>\n<p><span style=\"font-family: arial, helvetica, sans-serif; color: #000000;\"><strong class=\"MuiTypography-root MuiTypography-body1 products-app-emotion-1rnazt1\">T\u00f3ny<\/strong><\/span><\/p>\n<p class=\"MuiTypography-root MuiTypography-body1 products-app-emotion-1qn0wr5\"><span style=\"font-family: arial, helvetica, sans-serif; color: #000000;\">HLAVA: Akord Dark Plum<\/span><\/p>\n<p class=\"MuiTypography-root MuiTypography-body1 products-app-emotion-1qn0wr5\"><span style=\"font-family: arial, helvetica, sans-serif; color: #000000;\">SRDCE: R\u016f\u017ee Black Baccara, akord Gardenia, \u010dern\u00e1 k\u00e1va<\/span><\/p>\n<p class=\"MuiTypography-root MuiTypography-body1 products-app-emotion-1qn0wr5\"><span style=\"font-family: arial, helvetica, sans-serif; color: #000000;\">Z\u00c1KLAD: Pa\u010duli, Ambrofix, temn\u00e1 vanilka<\/span><\/p>\n<p><span style=\"font-family: arial, helvetica, sans-serif; color: #000000;\"><strong class=\"MuiTypography-root MuiTypography-body1 products-app-emotion-1rnazt1\">Hlavn\u00ed t\u00f3n<\/strong><\/span><\/p>\n<p class=\"MuiTypography-root MuiTypography-body1 products-app-emotion-1qn0wr5\"><span style=\"font-family: arial, helvetica, sans-serif; color: #000000;\">\u010cern\u00e1 r\u016f\u017ee Black Baccara<\/span><\/p>\n<p class=\"MuiTypography-root MuiTypography-body1 products-app-emotion-1qn0wr5\"><span style=\"font-family: arial, helvetica, sans-serif; color: #000000;\">P\u0159epychov\u00e1. Dr\u00e1\u017ediv\u00e1. Okouzluj\u00edc\u00ed. Hybrid dama\u0161sk\u00e9 r\u016f\u017ee Black Baccara zauj\u00edm\u00e1 sv\u00e9 m\u00edsto ve st\u0159edu pozornosti a propojuje kontrast energie hlavn\u00ed hrdinky se silou hebkosti. Tmav\u00e9, sametov\u00e9 okv\u011btn\u00ed pl\u00e1tky svou hlubokou, kv\u011btinovou v\u016fn\u00ed evokuj\u00ed fascinuj\u00edc\u00ed texturu, jako \u010dern\u00e9 sametov\u00e9 \u0161aty, kter\u00e9 obep\u00ednaj\u00ed t\u011blo ve v\u00edru noci.<\/span><\/p>\n<p>&#8212;&#8212;&#8212;&#8212;&#8212;&#8212;&#8212;&#8212;&#8212;&#8212;&#8212;&#8212;&#8212;&#8212;&#8212;&#8212;&#8212;&#8212;&#8212;&#8212;&#8212;&#8212;&#8212;&#8212;&#8212;&#8212;&#8212;&#8212;&#8212;&#8212;&#8212;&#8212;&#8212;&#8212;&#8212;&#8212;&#8212;&#8212;&#8211;<\/p>\n<div class=\"products-app-emotion-1q7njkh\">\n<div class=\"TextWithHtml-root products-app-emotion-1q94rgb\">\n<div class=\"TextWithHtml-text products-app-emotion-18slqyo\" data-testid=\"Presentation-product-detail-wysiwyg\"><span style=\"font-family: arial, helvetica, sans-serif; font-size: 10pt;\">ALCOHOL DENAT., AQUA, PARFUM, HEXAMETHYLINDANOPYRAN, ALPHA-ISOMETHYL IONONE, TETRAMETHYLACETYLOCTAHYDRONAPHTHALENES, POGOSTEMON CABLIN OIL, LINALYL ACETATE, GERANYL ACETATE, BUTYL METHOXYDIBENZOYLMETHANE, PINENE, BETA-CARYOPHYLLENE, PELARGONIUM GRAVEOLENS FLOWER OIL, CAMPHOR, TERPINEOL, ROSE FLOWER OIL\/EXTRACT, TERPINOLENE, CITRONELLOL, LINALOOL, LIMONENE, GERANIOL, EUGENOL, HYDROXYCITRONELLAL, VANILLIN, ROSE KETONES, CINNAMYL ALCOHOL, CITRAL, EUCALYPTUS GLOBULUS OIL, EUGENIA CARYOPHYLLUS OIL, CITRUS AURANTIUM PEEL OIL, PHENOXYETHANOL, CI 16035, CI 19140<\/span><\/div>\n<\/div>\n<\/div>\n<div class=\"products-app-emotion-1nacawr\">\n<div class=\"products-app-emotion-bco1gb\">\n<p class=\"MuiTypography-root MuiTypography-body1 products-app-emotion-1qn0wr5\" data-testid=\"Presentation-product-detail-dimensions\"><span style=\"font-family: arial, helvetica, sans-serif; font-size: 10pt;\">Rozm\u011bry: D\u00e9lka 190mm, V\u00fd\u0161ka 50mm, Hloubka 50mm, Hmotnost 218g<\/span><\/p>\n<p class=\"MuiTypography-root MuiTypography-body1 products-app-emotion-1qn0wr5\" data-testid=\"Presentation-product-detail-full-product-name\"><span style=\"font-family: arial, helvetica, sans-serif; font-size: 10pt;\">\u00dapln\u00fd n\u00e1zev produktu: Parf\u00e9movan\u00e1 voda Divine Dark Velvet<\/span><\/p>\n<\/div>\n<\/div>\n","protected":false},"excerpt":{"rendered":"<p><span style=\"font-family: arial, helvetica, sans-serif; color: #000000;\">Sametov\u011b temn\u00fd parf\u00e9m na ve\u010der. \u010cern\u00e1 r\u016f\u017ee Black Baccara v\u00e1s obklopuje fascinuj\u00edc\u00ed silou hebkosti a d\u00e1v\u00e1 hlas va\u0161\u00ed vnit\u0159n\u00ed primadon\u011b; v\u016fni dotv\u00e1\u0159\u00ed pa\u010duli a hlubok\u00e9, gurm\u00e1nsk\u00e9 aspekty neodolateln\u00e9 vanilky.<\/span><\/p>\n<ul class=\"products-app-emotion-tr0r3x\">\n<li data-testid=\"Presentation-product-detail-product-benefit\"><span style=\"font-family: arial, helvetica, sans-serif; color: #000000;\">HLAVA: Akord Dark Plum<\/span><\/li>\n<li data-testid=\"Presentation-product-detail-product-benefit\"><span style=\"font-family: arial, helvetica, sans-serif; color: #000000;\">SRDCE: R\u016f\u017ee Black Baccara, akord Gardenia, \u010dern\u00e1 k\u00e1va<\/span><\/li>\n<li data-testid=\"Presentation-product-detail-product-benefit\"><span style=\"font-family: arial, helvetica, sans-serif; color: #000000;\">Z\u00c1KLAD: Pa\u010duli, Ambrofix, temn\u00e1 vanilka<\/span><\/li>\n<\/ul>\n<p><span style=\"font-family: arial, helvetica, sans-serif; color: #000000;\">50ml<\/span><\/p>\n<div class=\"woocommerce-product-details__short-description\">\n<div class=\"products-app-emotion-wjcy9n\">\n<div id=\"tabs\" class=\"products-app-emotion-1xyaxzq\">\n<div class=\"products-app-emotion-qsaw8\" data-testid=\"Presentation-product-detail-tabs\">\n<div class=\"products-app-emotion-15ojik8\" role=\"tabpanel\" data-testid=\"Presentation-product-detail-tab-panel\" aria-labelledby=\"description\">\n<div class=\"products-app-emotion-ikburi\">\n<div class=\"TextWithHtml-root products-app-emotion-1q94rgb\">\n<div class=\"TextWithHtml-text products-app-emotion-2zfhel\" data-testid=\"Presentation-product-detail-wysiwyg\">\n<div class=\"woocommerce-product-details__short-description\">\n<div class=\"woocommerce-product-details__short-description\">\n<div class=\"woocommerce-product-details__short-description\">\n<div class=\"woocommerce-product-details__short-description\">\n<div class=\"woocommerce-product-details__short-description\">\n<div class=\"woocommerce-product-details__short-description\">\n<div class=\"woocommerce-product-details__short-description\">\n<div class=\"description__content_I0dkn description__content--is-expanded_fLsfD\">\n<div>\n<div class=\"woocommerce-product-details__short-description\">\n<div class=\"product-detail-v4i4af\" data-testid=\"Presentation-product-detail-benefits\">\n<div>\n<div class=\"woocommerce-product-details__short-description\">\n<div class=\"product-detail-v4i4af\" data-testid=\"Presentation-product-detail-benefits\">\n<div class=\"woocommerce-product-details__short-description\">\n<div class=\"product-detail-v4i4af\" data-testid=\"Presentation-product-detail-benefits\">\n<div class=\"woocommerce-product-details__short-description\">\n<div class=\"product-detail-v4i4af\" data-testid=\"Presentation-product-detail-benefits\">\n<div class=\"woocommerce-product-details__short-description\">\n<div class=\"product-detail-v4i4af\" data-testid=\"Presentation-product-detail-benefits\">\n<div class=\"woocommerce-product-details__short-description\">\n<div class=\"product-detail-v4i4af\" data-testid=\"Presentation-product-detail-benefits\">\n<div class=\"product-detail-o40nju\" data-testid=\"Presentation-product-detail-price-section\"><span class=\"MuiTypography-root MuiTypography-caption product-detail-8q5iga\" style=\"font-family: arial, helvetica, sans-serif; font-size: 10pt;\" data-testid=\"Presentation-product-detail-LowestPreviousPrice\">Nejni\u017e\u0161\u00ed cena platn\u00e1 ve 30 dnech p\u0159ed platnost\u00ed sou\u010dasn\u00e9 ceny byla 449 K\u010d<\/span><\/div>\n<\/div>\n<\/div>\n<\/div>\n<\/div>\n<\/div>\n<\/div>\n<\/div>\n<\/div>\n<\/div>\n<\/div>\n<\/div>\n<\/div>\n<\/div>\n<\/div>\n<\/div>\n<\/div>\n<\/div>\n<\/div>\n<\/div>\n<\/div>\n<\/div>\n<\/div>\n<\/div>\n<\/div>\n<\/div>\n<\/div>\n<\/div>\n<\/div>\n<\/div>\n<\/div>\n","protected":false},"featured_media":8018,"comment_status":"closed","ping_status":"closed","template":"","meta":[],"pwb-brand":[27],"product_brand":[91],"product_cat":[17],"product_tag":[],"class_list":{"0":"post-8016","1":"product","2":"type-product","3":"status-publish","4":"has-post-thumbnail","6":"pwb-brand-https-cz-oriflame-com-cataloguesstorebeautyobchod","7":"product_brand-oriflame","8":"product_cat-vune-zeny","10":"first","11":"instock","12":"sale","13":"taxable","14":"shipping-taxable","15":"purchasable","16":"product-type-simple"},"brands":[{"id":27,"name":"Oriflame","slug":"https-cz-oriflame-com-cataloguesstorebeautyobchod"}],"_links":{"self":[{"href":"https:\/\/priroda-uvadi.cz\/beauty\/wp-json\/wp\/v2\/product\/8016","targetHints":{"allow":["GET"]}}],"collection":[{"href":"https:\/\/priroda-uvadi.cz\/beauty\/wp-json\/wp\/v2\/product"}],"about":[{"href":"https:\/\/priroda-uvadi.cz\/beauty\/wp-json\/wp\/v2\/types\/product"}],"replies":[{"embeddable":true,"href":"https:\/\/priroda-uvadi.cz\/beauty\/wp-json\/wp\/v2\/comments?post=8016"}],"wp:featuredmedia":[{"embeddable":true,"href":"https:\/\/priroda-uvadi.cz\/beauty\/wp-json\/wp\/v2\/media\/8018"}],"wp:attachment":[{"href":"https:\/\/priroda-uvadi.cz\/beauty\/wp-json\/wp\/v2\/media?parent=8016"}],"wp:term":[{"taxonomy":"pwb-brand","embeddable":true,"href":"https:\/\/priroda-uvadi.cz\/beauty\/wp-json\/wp\/v2\/pwb-brand?post=8016"},{"taxonomy":"product_brand","embeddable":true,"href":"https:\/\/priroda-uvadi.cz\/beauty\/wp-json\/wp\/v2\/product_brand?post=8016"},{"taxonomy":"product_cat","embeddable":true,"href":"https:\/\/priroda-uvadi.cz\/beauty\/wp-json\/wp\/v2\/product_cat?post=8016"},{"taxonomy":"product_tag","embeddable":true,"href":"https:\/\/priroda-uvadi.cz\/beauty\/wp-json\/wp\/v2\/product_tag?post=8016"}],"curies":[{"name":"wp","href":"https:\/\/api.w.org\/{rel}","templated":true}]}}