{"id":6583,"date":"2025-09-17T11:51:14","date_gmt":"2025-09-17T09:51:14","guid":{"rendered":"https:\/\/priroda-uvadi.cz\/beauty\/?post_type=product&#038;p=6583"},"modified":"2026-02-10T15:06:38","modified_gmt":"2026-02-10T14:06:38","slug":"vyzivujici-olej-na-telo-oblicej-a-vlasy-s-bio-avokadovym-olejem-love-nature","status":"publish","type":"product","link":"https:\/\/priroda-uvadi.cz\/beauty\/produkt\/vyzivujici-olej-na-telo-oblicej-a-vlasy-s-bio-avokadovym-olejem-love-nature\/","title":{"rendered":"Vy\u017eivuj\u00edc\u00ed olej na t\u011blo, obli\u010dej a vlasy s bio avok\u00e1dov\u00fdm olejem Love Nature  100ml"},"content":{"rendered":"<div class=\"products-app-emotion-15ojik8\" role=\"tabpanel\" data-testid=\"Presentation-product-detail-tab-panel\" aria-labelledby=\"moreInfo\">\n<div class=\"products-app-emotion-nqycyw\" data-testid=\"Presentation-product-detail-more-info\">\n<div class=\"TextWithHtml-root products-app-emotion-1q94rgb\">\n<div class=\"TextWithHtml-text products-app-emotion-b5qotg\" data-testid=\"Presentation-product-detail-wysiwyg\">\n<p class=\"MuiTypography-root MuiTypography-body1 products-app-emotion-qhldfo\"><span style=\"font-family: arial, helvetica, sans-serif; color: #000000;\">Pot\u011b\u0161te vlasy i poko\u017eku t\u011bla a tv\u00e1\u0159e novou \u0159adou univerz\u00e1ln\u00edch olej\u016f pln\u00fdch kouzla p\u0159\u00edrodn\u00edch p\u0159\u00edsad. D\u00edky obsahu bio avok\u00e1dov\u00e9ho oleje bude va\u0161e ple\u0165 heb\u010d\u00ed, \u00fa\u017easn\u011b vy\u017eiven\u00e1 \u2013 a nav\u00edc prosycen\u00e1 neuv\u011b\u0159itelnou v\u016fn\u00ed. Promy\u0161lenou recepturu uchov\u00e1v\u00e1 lahvi\u010dka vyroben\u00e1 z 50 % z recyklovan\u00e9ho plastu. Obsahuje 95 % p\u0159\u00edsad p\u0159\u00edrodn\u00edho p\u016fvodu.<\/span><\/p>\n<p><span style=\"font-family: arial, helvetica, sans-serif; color: #000000;\">Vmas\u00edrujte do poko\u017eky tv\u00e1\u0159e a t\u011bla. Promn\u011bte mezi dlan\u011bmi a naneste na mokr\u00e9 \u010di such\u00e9 vlasy, neoplachujte. Vyhn\u011bte se okol\u00ed o\u010d\u00ed.<\/span><\/p>\n<p>&nbsp;<\/p>\n<\/div>\n<\/div>\n<\/div>\n<\/div>\n","protected":false},"excerpt":{"rendered":"<p><span style=\"font-family: arial, helvetica, sans-serif; color: #000000;\">Vy\u017eivuj\u00edc\u00ed olej na t\u011blo, tv\u00e1\u0159 a vlasy s bio avok\u00e1dov\u00fdm olejem pro hydrataci a zjemn\u011bn\u00ed. Pe\u010dliv\u011b sestaven\u00e1 receptura do va\u0161\u00ed pravideln\u00e9 p\u00e9\u010de vn\u00e1\u0161\u00ed s\u00edlu p\u0159\u00edrody!<\/span><\/p>\n<p><span style=\"font-family: arial, helvetica, sans-serif; color: #000000;\">100ml<\/span><\/p>\n<ul class=\"products-app-emotion-tr0r3x\">\n<li data-testid=\"Presentation-product-detail-product-benefit\"><span style=\"font-family: arial, helvetica, sans-serif; color: #000000;\">Lahvi\u010dka obsahuje 50 % recyklovan\u00e9ho plastu<\/span><\/li>\n<li data-testid=\"Presentation-product-detail-product-benefit\"><span style=\"font-family: arial, helvetica, sans-serif; color: #000000;\">S bio olejem pro v\u00fd\u017eivu poko\u017eky a vlas\u016f<\/span><\/li>\n<li data-testid=\"Presentation-product-detail-product-benefit\"><span style=\"font-family: arial, helvetica, sans-serif; color: #000000;\">95% p\u0159\u00edsad p\u0159\u00edrodn\u00edho p\u016fvodu<\/span><\/li>\n<li data-testid=\"Presentation-product-detail-product-benefit\"><span style=\"font-family: arial, helvetica, sans-serif; color: #000000;\">Lahvi\u010dka obsahuje 50 % recyklovan\u00e9ho plastu<\/span><\/li>\n<\/ul>\n<div class=\"woocommerce-product-details__short-description\">\n<p><span class=\"MuiTypography-root MuiTypography-caption product-detail-8q5iga\" style=\"font-family: arial, helvetica, sans-serif; font-size: 10pt;\" data-testid=\"Presentation-product-detail-LowestPreviousPrice\">Nejni\u017e\u0161\u00ed cena platn\u00e1 ve 30 dnech p\u0159ed platnost\u00ed sou\u010dasn\u00e9 ceny byla 120 K\u010d<\/span><\/p>\n<\/div>\n","protected":false},"featured_media":6584,"comment_status":"closed","ping_status":"closed","template":"","meta":[],"pwb-brand":[27],"product_brand":[91],"product_cat":[15,32],"product_tag":[],"class_list":{"0":"post-6583","1":"product","2":"type-product","3":"status-publish","4":"has-post-thumbnail","6":"pwb-brand-https-cz-oriflame-com-cataloguesstorebeautyobchod","7":"product_brand-oriflame","8":"product_cat-nezarazene","9":"product_cat-pece-o-vlasy","11":"first","12":"instock","13":"sale","14":"taxable","15":"shipping-taxable","16":"purchasable","17":"product-type-simple"},"brands":[{"id":27,"name":"Oriflame","slug":"https-cz-oriflame-com-cataloguesstorebeautyobchod"}],"_links":{"self":[{"href":"https:\/\/priroda-uvadi.cz\/beauty\/wp-json\/wp\/v2\/product\/6583","targetHints":{"allow":["GET"]}}],"collection":[{"href":"https:\/\/priroda-uvadi.cz\/beauty\/wp-json\/wp\/v2\/product"}],"about":[{"href":"https:\/\/priroda-uvadi.cz\/beauty\/wp-json\/wp\/v2\/types\/product"}],"replies":[{"embeddable":true,"href":"https:\/\/priroda-uvadi.cz\/beauty\/wp-json\/wp\/v2\/comments?post=6583"}],"wp:featuredmedia":[{"embeddable":true,"href":"https:\/\/priroda-uvadi.cz\/beauty\/wp-json\/wp\/v2\/media\/6584"}],"wp:attachment":[{"href":"https:\/\/priroda-uvadi.cz\/beauty\/wp-json\/wp\/v2\/media?parent=6583"}],"wp:term":[{"taxonomy":"pwb-brand","embeddable":true,"href":"https:\/\/priroda-uvadi.cz\/beauty\/wp-json\/wp\/v2\/pwb-brand?post=6583"},{"taxonomy":"product_brand","embeddable":true,"href":"https:\/\/priroda-uvadi.cz\/beauty\/wp-json\/wp\/v2\/product_brand?post=6583"},{"taxonomy":"product_cat","embeddable":true,"href":"https:\/\/priroda-uvadi.cz\/beauty\/wp-json\/wp\/v2\/product_cat?post=6583"},{"taxonomy":"product_tag","embeddable":true,"href":"https:\/\/priroda-uvadi.cz\/beauty\/wp-json\/wp\/v2\/product_tag?post=6583"}],"curies":[{"name":"wp","href":"https:\/\/api.w.org\/{rel}","templated":true}]}}