{"id":6323,"date":"2024-09-05T17:11:03","date_gmt":"2024-09-05T15:11:03","guid":{"rendered":"https:\/\/priroda-uvadi.cz\/beauty\/?post_type=product&#038;p=6323"},"modified":"2026-02-04T13:58:37","modified_gmt":"2026-02-04T12:58:37","slug":"keratin-therapy-regeneracni-serum-na-vlasy","status":"publish","type":"product","link":"https:\/\/priroda-uvadi.cz\/beauty\/produkt\/keratin-therapy-regeneracni-serum-na-vlasy\/","title":{"rendered":"Keratin Therapy regenera\u010dn\u00ed s\u00e9rum na vlasy"},"content":{"rendered":"<p><strong><span class=\"ProductDetailHeader\" style=\"font-family: arial, helvetica, sans-serif; color: #000000;\" data-localize=\"ProductDetail.HowToUse\">N\u00e1vod na pou\u017eit\u00ed<\/span><\/strong><\/p>\n<p><span style=\"font-family: arial, helvetica, sans-serif; color: #000000;\">Naneste n\u011bkolik kapek na vlasy, p\u0159i\u010dem\u017e se soust\u0159e\u010fte na jejich kone\u010dky.<\/span><\/p>\n<div>\n<p><span style=\"font-family: arial, helvetica, sans-serif; color: #000000;\">Upozorn\u011bn\u00ed: Pouze pro vn\u011bj\u0161\u00ed pou\u017eit\u00ed. Chra\u0148te p\u0159ed p\u0159\u00edm\u00fdm slune\u010dn\u00edm z\u00e1\u0159en\u00edm. Skladujte p\u0159i pokojov\u00e9 teplot\u011b. Nekonzumujte.<\/span><\/p>\n<p>&#8212;&#8212;&#8212;&#8212;&#8212;&#8212;&#8212;&#8212;&#8212;&#8212;&#8212;&#8212;&#8212;&#8212;&#8212;&#8212;&#8212;&#8212;&#8212;&#8212;&#8212;&#8212;&#8212;&#8212;&#8212;&#8212;&#8212;&#8212;&#8212;&#8212;&#8212;&#8212;&#8212;&#8212;&#8212;&#8212;&#8212;&#8212;<\/p>\n<\/div>\n<div><span style=\"font-family: arial, helvetica, sans-serif; font-size: 10pt;\"><span class=\"ProductDetailHeader\" data-localize=\"ProductDetail.ProductTechnical\">Informace o produktu<\/span>\u00a0<span id=\"TechnicalDescription\" class=\"Description\">Cyclopentasiloxane, Dimethiconol, Keratin Amino Acids, Parfum (Fragrance), Tocopheryl Acetate, Hexyl Cinnamal, Linalool, Limonene, Hydroxyisohexyl 3-Cyclohexene Carboxaldehyde, Alpha-Isomethyl Ionone, Coumarine<\/span><\/span><\/div>\n","protected":false},"excerpt":{"rendered":"<div>\n<p><span style=\"font-family: arial, helvetica, sans-serif; color: #000000;\">Farmasi Professional Revitaliza\u010dn\u00ed s\u00e9rum s keratinem pom\u00e1h\u00e1 regenerovat such\u00e9 a po\u0161kozen\u00e9 vlasy. Vlasy zanech\u00e1v\u00e1 hladk\u00e9 a leskl\u00e9.<\/span><\/p>\n<p><span style=\"font-family: arial, helvetica, sans-serif; color: #000000;\">30 ml<\/span><\/p>\n<div class=\"woocommerce-product-details__short-description\">\n<div class=\"products-app-emotion-1dv05e4\" data-testid=\"Presentation-product-detail-info-and-benefits\">\n<div class=\"products-app-emotion-1xez6c\">\n<div class=\"woocommerce-product-details__short-description\">\n<div class=\"products-app-emotion-1xez6c\">\n<div class=\"woocommerce-product-details__short-description\">\n<p><span class=\"MuiTypography-root MuiTypography-caption product-detail-8q5iga\" style=\"font-family: arial, helvetica, sans-serif; font-size: 10pt;\" data-testid=\"Presentation-product-detail-LowestPreviousPrice\">Nejni\u017e\u0161\u00ed cena platn\u00e1 ve 30 dnech p\u0159ed platnost\u00ed sou\u010dasn\u00e9 ceny byla 175 K\u010d<\/span><\/p>\n<\/div>\n<\/div>\n<\/div>\n<\/div>\n<\/div>\n<\/div>\n<\/div>\n","protected":false},"featured_media":6324,"comment_status":"closed","ping_status":"closed","template":"","meta":[],"pwb-brand":[87],"product_brand":[],"product_cat":[15,32],"product_tag":[],"class_list":{"0":"post-6323","1":"product","2":"type-product","3":"status-publish","4":"has-post-thumbnail","6":"pwb-brand-https-www-farmasi-cz-inka-catalog","7":"product_cat-nezarazene","8":"product_cat-pece-o-vlasy","10":"first","11":"instock","12":"sale","13":"taxable","14":"shipping-taxable","15":"purchasable","16":"product-type-simple"},"brands":[{"id":87,"name":"Farmasi","slug":"https-www-farmasi-cz-inka-catalog"}],"_links":{"self":[{"href":"https:\/\/priroda-uvadi.cz\/beauty\/wp-json\/wp\/v2\/product\/6323","targetHints":{"allow":["GET"]}}],"collection":[{"href":"https:\/\/priroda-uvadi.cz\/beauty\/wp-json\/wp\/v2\/product"}],"about":[{"href":"https:\/\/priroda-uvadi.cz\/beauty\/wp-json\/wp\/v2\/types\/product"}],"replies":[{"embeddable":true,"href":"https:\/\/priroda-uvadi.cz\/beauty\/wp-json\/wp\/v2\/comments?post=6323"}],"wp:featuredmedia":[{"embeddable":true,"href":"https:\/\/priroda-uvadi.cz\/beauty\/wp-json\/wp\/v2\/media\/6324"}],"wp:attachment":[{"href":"https:\/\/priroda-uvadi.cz\/beauty\/wp-json\/wp\/v2\/media?parent=6323"}],"wp:term":[{"taxonomy":"pwb-brand","embeddable":true,"href":"https:\/\/priroda-uvadi.cz\/beauty\/wp-json\/wp\/v2\/pwb-brand?post=6323"},{"taxonomy":"product_brand","embeddable":true,"href":"https:\/\/priroda-uvadi.cz\/beauty\/wp-json\/wp\/v2\/product_brand?post=6323"},{"taxonomy":"product_cat","embeddable":true,"href":"https:\/\/priroda-uvadi.cz\/beauty\/wp-json\/wp\/v2\/product_cat?post=6323"},{"taxonomy":"product_tag","embeddable":true,"href":"https:\/\/priroda-uvadi.cz\/beauty\/wp-json\/wp\/v2\/product_tag?post=6323"}],"curies":[{"name":"wp","href":"https:\/\/api.w.org\/{rel}","templated":true}]}}