{"id":5722,"date":"2024-04-19T13:23:56","date_gmt":"2024-04-19T11:23:56","guid":{"rendered":"https:\/\/priroda-uvadi.cz\/beauty\/?post_type=product&#038;p=5722"},"modified":"2025-12-04T19:56:10","modified_gmt":"2025-12-04T18:56:10","slug":"zen-rasenka","status":"publish","type":"product","link":"https:\/\/priroda-uvadi.cz\/beauty\/produkt\/zen-rasenka\/","title":{"rendered":"Zen \u0159asenka"},"content":{"rendered":"<div>\n<p><span class=\"ProductDetailHeader\" style=\"font-family: arial, helvetica, sans-serif; font-size: 10pt;\" data-localize=\"ProductDetail.ProductTechnical\">Informace o produktu<\/span><\/p>\n<p><span style=\"font-family: arial, helvetica, sans-serif; font-size: 10pt;\">AQUA (WATER), CI 77499 IRON OXIDES, PARAFFIN, CERA ALBA (BEESWAX), GLYCERYL STEARATE, PALMITIC ACID, BIS-DIGLYCERYL POLYACYLADIPATE-2, ACACIA SENEGAL GUM, COPERNICIA CERIFERA (CARNAUBA) WAX, STEARIC ACID, BUTYLENE GLYCOL, PHENOXYETHANOL, POTASSIUM HYDROXIDE, HYDROXYETHYLCELLULOSE, POTASSIUM SORBATE, DIMETHICONE, PANTHENOL, TOCOPHERYL ACETATE, ETHYLHEXYLGLYCERIN, POLYESTER-4.\u00a0<\/span><\/p>\n<\/div>\n","protected":false},"excerpt":{"rendered":"<p><a title=\" Zen \u0159asenka 8 ml \" href=\"https:\/\/www.farmasi.cz\/inka\/Product\/detail\/zen-%C5%99asenka-8-ml?pid=1301322\" target=\"_blank\" rel=\"nofollow noopener noreferrer\"><span style=\"font-family: arial, helvetica, sans-serif; font-size: 10pt; color: #800080;\"><strong>IHNED SKLADEM PRODUKT \u21d2 ZDE + N\u00c1KUP SE SLEVOU 23%<\/strong><\/span><\/a><\/p>\n<p><span id=\"ProductDescription\" class=\"Description\" style=\"font-family: arial, helvetica, sans-serif; color: #000000;\">D\u00edky technicky vysp\u011bl\u00e9mu slo\u017een\u00ed a silikonov\u00e9mu kart\u00e1\u010dku poskytuje \u0159asenka maxim\u00e1ln\u00ed objem a neuv\u011b\u0159itelnou d\u00e9lku. Poskytuje odv\u00e1\u017en\u00fd vzhled, sytou a intenzivn\u00ed barvu a napom\u00e1h\u00e1 \u0159as\u00e1m vypadat zdrav\u011b. D\u00edk obsahu vitaminu E je hydratuje. <\/span><\/p>\n<div><span id=\"HowToUse\" class=\"Description\" style=\"font-family: arial, helvetica, sans-serif; color: #000000;\">P\u0159ed pou\u017eit\u00edm dob\u0159e prot\u0159epejte. <\/span><\/div>\n<div><span style=\"font-family: arial, helvetica, sans-serif; color: #000000;\">8ml<\/span><\/div>\n<div><\/div>\n<div data-testid=\"Presentation-product-detail-price-section\"><span class=\"MuiTypography-root MuiTypography-caption product-detail-8q5iga\" style=\"font-family: arial, helvetica, sans-serif; font-size: 10pt;\" data-testid=\"Presentation-product-detail-LowestPreviousPrice\">Nejni\u017e\u0161\u00ed cena platn\u00e1 ve 30 dnech p\u0159ed platnost\u00ed sou\u010dasn\u00e9 ceny byla 160 K\u010d<\/span><\/div>\n","protected":false},"featured_media":5723,"comment_status":"closed","ping_status":"closed","template":"","meta":[],"pwb-brand":[87],"product_brand":[],"product_cat":[46,50],"product_tag":[],"class_list":{"0":"post-5722","1":"product","2":"type-product","3":"status-publish","4":"has-post-thumbnail","6":"pwb-brand-https-www-farmasi-cz-inka-catalog","7":"product_cat-dekorativni-kosmetika","8":"product_cat-rasenky","10":"first","11":"instock","12":"sale","13":"taxable","14":"shipping-taxable","15":"purchasable","16":"product-type-simple"},"brands":[{"id":87,"name":"Farmasi","slug":"https-www-farmasi-cz-inka-catalog"}],"_links":{"self":[{"href":"https:\/\/priroda-uvadi.cz\/beauty\/wp-json\/wp\/v2\/product\/5722","targetHints":{"allow":["GET"]}}],"collection":[{"href":"https:\/\/priroda-uvadi.cz\/beauty\/wp-json\/wp\/v2\/product"}],"about":[{"href":"https:\/\/priroda-uvadi.cz\/beauty\/wp-json\/wp\/v2\/types\/product"}],"replies":[{"embeddable":true,"href":"https:\/\/priroda-uvadi.cz\/beauty\/wp-json\/wp\/v2\/comments?post=5722"}],"wp:featuredmedia":[{"embeddable":true,"href":"https:\/\/priroda-uvadi.cz\/beauty\/wp-json\/wp\/v2\/media\/5723"}],"wp:attachment":[{"href":"https:\/\/priroda-uvadi.cz\/beauty\/wp-json\/wp\/v2\/media?parent=5722"}],"wp:term":[{"taxonomy":"pwb-brand","embeddable":true,"href":"https:\/\/priroda-uvadi.cz\/beauty\/wp-json\/wp\/v2\/pwb-brand?post=5722"},{"taxonomy":"product_brand","embeddable":true,"href":"https:\/\/priroda-uvadi.cz\/beauty\/wp-json\/wp\/v2\/product_brand?post=5722"},{"taxonomy":"product_cat","embeddable":true,"href":"https:\/\/priroda-uvadi.cz\/beauty\/wp-json\/wp\/v2\/product_cat?post=5722"},{"taxonomy":"product_tag","embeddable":true,"href":"https:\/\/priroda-uvadi.cz\/beauty\/wp-json\/wp\/v2\/product_tag?post=5722"}],"curies":[{"name":"wp","href":"https:\/\/api.w.org\/{rel}","templated":true}]}}