{"id":5262,"date":"2024-01-09T10:22:07","date_gmt":"2024-01-09T09:22:07","guid":{"rendered":"https:\/\/priroda-uvadi.cz\/beauty\/?post_type=product&#038;p=5262"},"modified":"2024-01-09T10:53:09","modified_gmt":"2024-01-09T09:53:09","slug":"houbicka-na-oblicej-waunt-ultimate-bounce","status":"publish","type":"product","link":"https:\/\/priroda-uvadi.cz\/beauty\/produkt\/houbicka-na-oblicej-waunt-ultimate-bounce\/","title":{"rendered":"Houbi\u010dka na obli\u010dej Waunt Ultimate Bounce"},"content":{"rendered":"<p><span style=\"font-family: arial, helvetica, sans-serif; color: #000000;\">Obli\u010dejov\u00e1 houbi\u010dka se silikonov\u00fdmi mas\u00e1\u017en\u00edmi \u0161t\u011btinkami posune v\u00e1\u0161 kosmetick\u00fd ritu\u00e1l s Waunt na novou \u00farove\u0148. Silikonov\u00e9 \u0161t\u011btinky pom\u00e1haj\u00ed podpo\u0159it prokrven\u00ed pleti a vst\u0159eb\u00e1v\u00e1n\u00ed va\u0161ich Waunt p\u0159\u00edpravk\u016f, zat\u00edmco hebk\u00e1 p\u011bnov\u00e1 houbi\u010dka se postar\u00e1 o jednolit\u00e9 nan\u00e1\u0161en\u00ed p\u0159\u00edpravk\u016f, kter\u00e9 v\u00e1s proz\u00e1\u0159\u00ed.<\/span><\/p>\n<p><strong><span style=\"font-family: arial, helvetica, sans-serif; color: #000000;\">POU\u017dIT\u00cd<\/span><\/strong><\/p>\n<ol>\n<li><span style=\"font-family: arial, helvetica, sans-serif; color: #000000;\">Naneste 3-4 kapky such\u00e9ho olejov\u00e9ho s\u00e9ra Waunt p\u0159\u00edmo na tv\u00e1\u0159 nebo na silikonov\u00e9 \u0161t\u011btinky.<\/span><\/li>\n<li><span style=\"font-family: arial, helvetica, sans-serif; color: #000000;\">Vmas\u00edrujte s\u00e9rum do poko\u017eky tv\u00e1\u0159e, dokud se nevst\u0159eb\u00e1.<\/span><\/li>\n<li><span style=\"font-family: arial, helvetica, sans-serif; color: #000000;\">Houbi\u010dku namo\u010dte a p\u00e1rkr\u00e1t ji proma\u010dkejte, dokud nezm\u011bkne.<\/span><\/li>\n<li><span style=\"font-family: arial, helvetica, sans-serif; color: #000000;\">Naneste 2-3 kapky t\u00f3novan\u00e9ho korek\u010dn\u00edho kr\u00e9mu Waunt Woke Up Like This na tv\u00e1\u0159e, nos a \u010delo.<\/span><\/li>\n<li><span style=\"font-family: arial, helvetica, sans-serif; color: #000000;\">Zaoblenou stranou houbi\u010dky p\u0159\u00edpravek pru\u017en\u011b vklepejte do pleti, dokud se nevst\u0159eb\u00e1.<\/span><\/li>\n<li><span style=\"font-family: arial, helvetica, sans-serif; color: #000000;\">\u0160pi\u010dkou se postarejte o h\u016f\u0159e dostupn\u00e1 m\u00edsta, jako jsou okraje nosu \u010di oblast kolem o\u010d\u00ed.<\/span><\/li>\n<\/ol>\n<p><span style=\"font-family: arial, helvetica, sans-serif; color: #000000;\">Waunt nen\u00ed jen b\u011b\u017en\u00e1 p\u00e9\u010de o ple\u0165, poskytuje v\u00e1m to nejlep\u0161\u00ed z p\u00e9\u010de o ple\u0165 pro okam\u017eit\u00fd dokonal\u00fd vzhled bez make-upu. D\u00edky hydrataci nov\u00e9 generace, make-up efektu, jako je sjednocen\u00ed a rozz\u00e1\u0159en\u00ed pleti, vegansk\u00fdm slo\u017een\u00edm a z\u00e1bavn\u00fdm transformuj\u00edc\u00edm textur\u00e1m v\u00e1m \u0159ada Waunt poskytne jedine\u010dn\u00fd z\u00e1\u017eitek z p\u00e9\u010de o ple\u0165 s bezchybn\u00fdmi v\u00fdsledky.<\/span><\/p>\n","protected":false},"excerpt":{"rendered":"<div class=\"product-detail-dbszwy\" data-testid=\"Presentation-product-detail-summary-info\"><span style=\"font-family: arial, helvetica, sans-serif; color: #000000;\">Houbi\u010dkov\u00fd aplik\u00e1tor na obli\u010dej se silikonov\u00fdmi mas\u00e1\u017en\u00edmi \u0161t\u011btinkami dostane v\u00e1\u0161 kosmetick\u00fd ritu\u00e1l s Waunt a aplikaci produkt\u016f na vy\u0161\u0161\u00ed \u00farove\u0148.<\/span><\/div>\n<div class=\"product-detail-v4i4af\" data-testid=\"Presentation-product-detail-benefits\">\n<ul>\n<li class=\"product-detail-rn21vn\"><span style=\"font-family: arial, helvetica, sans-serif; color: #000000;\">\u010cist\u00e9 nan\u00e1\u0161en\u00ed<\/span><\/li>\n<li class=\"product-detail-rn21vn\"><span style=\"font-family: arial, helvetica, sans-serif; color: #000000;\">Pom\u00e1h\u00e1 podpo\u0159it prokrven\u00ed pleti<\/span><\/li>\n<li class=\"product-detail-rn21vn\"><span style=\"font-family: arial, helvetica, sans-serif; color: #000000;\">S\u00e9ra se l\u00e9pe vst\u0159eb\u00e1vaj\u00ed<\/span><\/li>\n<\/ul>\n<\/div>\n<p><span style=\"font-family: arial, helvetica, sans-serif; color: #000000; font-size: 12pt;\">PU p\u011bna, mas\u00e1\u017en\u00ed \u010d\u00e1st ze silikonu. 6 x 4 cm<\/span><\/p>\n<div class=\"product-detail-79rdmv\" data-testid=\"Presentation-product-detail-names\">\n<div class=\"product-detail-1gi3pcs\"><\/div>\n<\/div>\n","protected":false},"featured_media":5263,"comment_status":"closed","ping_status":"closed","template":"","meta":[],"pwb-brand":[27],"product_brand":[],"product_cat":[31,30,79],"product_tag":[],"class_list":{"0":"post-5262","1":"product","2":"type-product","3":"status-publish","4":"has-post-thumbnail","6":"pwb-brand-https-cz-oriflame-com-cataloguesstorebeautyobchod","7":"product_cat-nekosmeticke-vyrobky","8":"product_cat-pece-o-plet","9":"product_cat-waunt","11":"first","12":"instock","13":"sale","14":"taxable","15":"shipping-taxable","16":"purchasable","17":"product-type-simple"},"brands":[{"id":27,"name":"Oriflame","slug":"https-cz-oriflame-com-cataloguesstorebeautyobchod"}],"_links":{"self":[{"href":"https:\/\/priroda-uvadi.cz\/beauty\/wp-json\/wp\/v2\/product\/5262","targetHints":{"allow":["GET"]}}],"collection":[{"href":"https:\/\/priroda-uvadi.cz\/beauty\/wp-json\/wp\/v2\/product"}],"about":[{"href":"https:\/\/priroda-uvadi.cz\/beauty\/wp-json\/wp\/v2\/types\/product"}],"replies":[{"embeddable":true,"href":"https:\/\/priroda-uvadi.cz\/beauty\/wp-json\/wp\/v2\/comments?post=5262"}],"wp:featuredmedia":[{"embeddable":true,"href":"https:\/\/priroda-uvadi.cz\/beauty\/wp-json\/wp\/v2\/media\/5263"}],"wp:attachment":[{"href":"https:\/\/priroda-uvadi.cz\/beauty\/wp-json\/wp\/v2\/media?parent=5262"}],"wp:term":[{"taxonomy":"pwb-brand","embeddable":true,"href":"https:\/\/priroda-uvadi.cz\/beauty\/wp-json\/wp\/v2\/pwb-brand?post=5262"},{"taxonomy":"product_brand","embeddable":true,"href":"https:\/\/priroda-uvadi.cz\/beauty\/wp-json\/wp\/v2\/product_brand?post=5262"},{"taxonomy":"product_cat","embeddable":true,"href":"https:\/\/priroda-uvadi.cz\/beauty\/wp-json\/wp\/v2\/product_cat?post=5262"},{"taxonomy":"product_tag","embeddable":true,"href":"https:\/\/priroda-uvadi.cz\/beauty\/wp-json\/wp\/v2\/product_tag?post=5262"}],"curies":[{"name":"wp","href":"https:\/\/api.w.org\/{rel}","templated":true}]}}