{"id":5232,"date":"2024-01-04T15:43:57","date_gmt":"2024-01-04T14:43:57","guid":{"rendered":"https:\/\/priroda-uvadi.cz\/beauty\/?post_type=product&#038;p=5232"},"modified":"2024-01-04T15:43:58","modified_gmt":"2024-01-04T14:43:58","slug":"chladiva-tycinka-na-oblicej-arctic-ritual-moon","status":"publish","type":"product","link":"https:\/\/priroda-uvadi.cz\/beauty\/produkt\/chladiva-tycinka-na-oblicej-arctic-ritual-moon\/","title":{"rendered":"Chladiv\u00e1 ty\u010dinka na obli\u010dej Arctic Ritual Moon"},"content":{"rendered":"<p><span style=\"font-family: arial, helvetica, sans-serif;\">Tato chytr\u00e1 pom\u016fcka se inspiruje starobyl\u00fdmi arktick\u00fdmi ritu\u00e1ly pro kr\u00e1su, kter\u00e9 vyu\u017e\u00edvaj\u00ed led. Vychla\u010fte ji v lednici a vyu\u017eijte ji k mas\u00e1\u017ei tv\u00e1\u0159e, kde okam\u017eit\u011b pom\u00e1h\u00e1 redukovat otoky.<\/span><\/p>\n<p><span style=\"font-family: arial, helvetica, sans-serif;\"> D\u00edky tvaru p\u016flm\u011bs\u00edce se snadno p\u0159izp\u016fsob\u00ed kontur\u00e1m tv\u00e1\u0159e a konkr\u00e9tn\u00edm m\u00edst\u016fm, jako jsou nap\u0159\u00edklad oblasti pod o\u010dima.<\/span><\/p>\n<p><span style=\"font-family: arial, helvetica, sans-serif;\"><strong>POU\u017dIT\u00cd<\/strong><\/span><\/p>\n<p><span style=\"font-family: arial, helvetica, sans-serif;\">N<\/span>echte ty\u010dinku alespo\u0148 15 minut vychladit v lednici, pot\u00e9 j\u00ed p\u0159ej\u00ed\u017ed\u011bjte po tv\u00e1\u0159i a krku sm\u011brem vzh\u016fru. Tvar p\u016flm\u011bs\u00edce m\u016f\u017eete podle pot\u0159eby vyu\u017e\u00edt tak\u00e9 k redukci otok\u016f nap\u0159\u00edklad pod o\u010dima \u010di na jin\u00fdch \u010d\u00e1stech tv\u00e1\u0159e.<\/p>\n<p>Ty\u010dinku po ka\u017ed\u00e9m pou\u017eit\u00ed umyjte vodou a m\u00fddlem a mezi jednotliv\u00fdmi pou\u017eit\u00edmi ji udr\u017eujte v suchu.<\/p>\n<p>M\u016f\u017eete ji skladovat v lednici, aby byla rychle k dispozici, kdykoli je to t\u0159eba.<\/p>\n","protected":false},"excerpt":{"rendered":"<div class=\"product-detail-dbszwy\" data-testid=\"Presentation-product-detail-summary-info\"><span style=\"font-family: arial, helvetica, sans-serif; color: #000000;\">Nov\u00fd rok \u2013 nov\u00fd ritu\u00e1l pro kr\u00e1su: Vychla\u010fte tuto chytrou ty\u010dinku v lednici a p\u0159ej\u00ed\u017ed\u011bjte s n\u00ed po obli\u010deji pro okam\u017eitou redukci otok\u016f.<\/span><\/div>\n<div class=\"product-detail-v4i4af\" data-testid=\"Presentation-product-detail-benefits\">\n<div class=\"product-detail-rn21vn\"><span style=\"font-family: arial, helvetica, sans-serif; color: #000000;\">1. Vychla\u010fte v lednici a pou\u017eijte na okam\u017eit\u00e9 zm\u00edrn\u011bn\u00ed opuchl\u00fdch \u010d\u00e1st\u00ed tv\u00e1\u0159e<\/span><\/div>\n<div class=\"product-detail-rn21vn\"><span style=\"font-family: arial, helvetica, sans-serif; color: #000000;\">2. Pro sv\u011b\u017e\u00ed, zdrav\u011b proz\u00e1\u0159enou ple\u0165<\/span><\/div>\n<div class=\"product-detail-rn21vn\"><span style=\"font-family: arial, helvetica, sans-serif; color: #000000;\">3. D\u00edky tvaru p\u016flm\u011bs\u00edce se m\u016f\u017eete snadno zam\u011b\u0159it na men\u0161\u00ed oblasti jako nap\u0159\u00edklad pod o\u010dima<\/span><\/div>\n<\/div>\n<div><\/div>\n<div>\n<div class=\"product-detail-1dmrthi\" data-testid=\"Presentation-product-detail-shades\">\n<div class=\"product-detail-1idxkgf\" data-testid=\"Presentation-product-detail-details\">\n<div class=\"product-detail-m0ox15\"><span style=\"font-family: arial, helvetica, sans-serif; color: #000000;\">Materi\u00e1l: sklo, \u010di\u0161t\u011bn\u00e1 voda.&lt;br\/&gt; Rozm\u011bry: 5 x 2.7 x 13.6 cm<\/span><\/div>\n<\/div>\n<\/div>\n<\/div>\n<div class=\"product-detail-79rdmv\" data-testid=\"Presentation-product-detail-names\"><\/div>\n<div data-testid=\"Presentation-product-detail-names\">\n<div class=\"woocommerce-product-details__short-description\">\n<div>\n<div class=\"woocommerce-product-details__short-description\">\n<div class=\"product-detail-vdfylx\">\n<div class=\"product-detail-d0oxj1\">\n<div class=\"product-detail-1yhj3ra\">\n<p class=\"product-detail-17mztir\" data-testid=\"Presentation-product-detail-LowestPreviousPrice\"><span style=\"font-family: arial, helvetica, sans-serif; font-size: 10pt;\">Nejni\u017e\u0161\u00ed cena platn\u00e1 ve 30 dnech p\u0159ed platnost\u00ed sou\u010dasn\u00e9 ceny byla 150 K\u010d<\/span><\/p>\n<\/div>\n<\/div>\n<\/div>\n<\/div>\n<\/div>\n<\/div>\n<\/div>\n","protected":false},"featured_media":5233,"comment_status":"closed","ping_status":"closed","template":"","meta":[],"pwb-brand":[27],"product_brand":[],"product_cat":[31],"product_tag":[],"class_list":{"0":"post-5232","1":"product","2":"type-product","3":"status-publish","4":"has-post-thumbnail","6":"pwb-brand-https-cz-oriflame-com-cataloguesstorebeautyobchod","7":"product_cat-nekosmeticke-vyrobky","9":"first","10":"instock","11":"sale","12":"taxable","13":"shipping-taxable","14":"purchasable","15":"product-type-simple"},"brands":[{"id":27,"name":"Oriflame","slug":"https-cz-oriflame-com-cataloguesstorebeautyobchod"}],"_links":{"self":[{"href":"https:\/\/priroda-uvadi.cz\/beauty\/wp-json\/wp\/v2\/product\/5232","targetHints":{"allow":["GET"]}}],"collection":[{"href":"https:\/\/priroda-uvadi.cz\/beauty\/wp-json\/wp\/v2\/product"}],"about":[{"href":"https:\/\/priroda-uvadi.cz\/beauty\/wp-json\/wp\/v2\/types\/product"}],"replies":[{"embeddable":true,"href":"https:\/\/priroda-uvadi.cz\/beauty\/wp-json\/wp\/v2\/comments?post=5232"}],"wp:featuredmedia":[{"embeddable":true,"href":"https:\/\/priroda-uvadi.cz\/beauty\/wp-json\/wp\/v2\/media\/5233"}],"wp:attachment":[{"href":"https:\/\/priroda-uvadi.cz\/beauty\/wp-json\/wp\/v2\/media?parent=5232"}],"wp:term":[{"taxonomy":"pwb-brand","embeddable":true,"href":"https:\/\/priroda-uvadi.cz\/beauty\/wp-json\/wp\/v2\/pwb-brand?post=5232"},{"taxonomy":"product_brand","embeddable":true,"href":"https:\/\/priroda-uvadi.cz\/beauty\/wp-json\/wp\/v2\/product_brand?post=5232"},{"taxonomy":"product_cat","embeddable":true,"href":"https:\/\/priroda-uvadi.cz\/beauty\/wp-json\/wp\/v2\/product_cat?post=5232"},{"taxonomy":"product_tag","embeddable":true,"href":"https:\/\/priroda-uvadi.cz\/beauty\/wp-json\/wp\/v2\/product_tag?post=5232"}],"curies":[{"name":"wp","href":"https:\/\/api.w.org\/{rel}","templated":true}]}}

Chladivá tyčinka na obličej Arctic Ritual Moon

<p><span style="font-family: arial, helvetica, sans-serif;">Tato chytrá pomůcka se inspiruje starobylými arktickými rituály pro krásu, které využívají led. Vychlaďte ji v lednici a využijte ji k masáži tváře, kde okamžitě pomáhá redukovat otoky.</span></p>
<p><span style="font-family: arial, helvetica, sans-serif;"> Díky tvaru půlměsíce se snadno přizpůsobí konturám tváře a konkrétním místům, jako jsou například oblasti pod očima.</span></p>
<p><span style="font-family: arial, helvetica, sans-serif;"><strong>POUŽITÍ</strong></span></p>
<p><span style="font-family: arial, helvetica, sans-serif;">N</span>echte tyčinku alespoň 15 minut vychladit v lednici, poté jí přejíždějte po tváři a krku směrem vzhůru. Tvar půlměsíce můžete podle potřeby využít také k redukci otoků například pod očima či na jiných částech tváře.</p>
<p>Tyčinku po každém použití umyjte vodou a mýdlem a mezi jednotlivými použitími ji udržujte v suchu.</p>
<p>Můžete ji skladovat v lednici, aby byla rychle k dispozici, kdykoli je to třeba.</p>

<div class="product-detail-dbszwy" data-testid="Presentation-product-detail-summary-info"><span style="font-family: arial, helvetica, sans-serif; color: #000000;">Nový rok – nový rituál pro krásu: Vychlaďte tuto chytrou tyčinku v lednici a přejíždějte s ní po obličeji pro okamžitou redukci otoků.</span></div>
<div class="product-detail-v4i4af" data-testid="Presentation-product-detail-benefits">
<div class="product-detail-rn21vn"><span style="font-family: arial, helvetica, sans-serif; color: #000000;">1. Vychlaďte v lednici a použijte na okamžité zmírnění opuchlých částí tváře</span></div>
<div class="product-detail-rn21vn"><span style="font-family: arial, helvetica, sans-serif; color: #000000;">2. Pro svěží, zdravě prozářenou pleť</span></div>
<div class="product-detail-rn21vn"><span style="font-family: arial, helvetica, sans-serif; color: #000000;">3. Díky tvaru půlměsíce se můžete snadno zaměřit na menší oblasti jako například pod očima</span></div>
</div>
<div></div>
<div>
<div class="product-detail-1dmrthi" data-testid="Presentation-product-detail-shades">
<div class="product-detail-1idxkgf" data-testid="Presentation-product-detail-details">
<div class="product-detail-m0ox15"><span style="font-family: arial, helvetica, sans-serif; color: #000000;">Materiál: sklo, čištěná voda.&lt;br/&gt; Rozměry: 5 x 2.7 x 13.6 cm</span></div>
</div>
</div>
</div>
<div class="product-detail-79rdmv" data-testid="Presentation-product-detail-names"></div>
<div data-testid="Presentation-product-detail-names">
<div class="woocommerce-product-details__short-description">
<div>
<div class="woocommerce-product-details__short-description">
<div class="product-detail-vdfylx">
<div class="product-detail-d0oxj1">
<div class="product-detail-1yhj3ra">
<p class="product-detail-17mztir" data-testid="Presentation-product-detail-LowestPreviousPrice"><span style="font-family: arial, helvetica, sans-serif; font-size: 10pt;">Nejnižší cena platná ve 30 dnech před platností současné ceny byla 150 Kč</span></p>
</div>
</div>
</div>
</div>
</div>
</div>
</div>
