{"id":4457,"date":"2023-05-11T16:52:28","date_gmt":"2023-05-11T14:52:28","guid":{"rendered":"https:\/\/priroda-uvadi.cz\/beauty\/?post_type=product&#038;p=4457"},"modified":"2026-04-15T00:00:26","modified_gmt":"2026-04-14T22:00:26","slug":"sampon-proti-vypadavani-vlasu-duologi","status":"publish","type":"product","link":"https:\/\/priroda-uvadi.cz\/beauty\/produkt\/sampon-proti-vypadavani-vlasu-duologi\/","title":{"rendered":"\u0160ampon proti vypad\u00e1v\u00e1n\u00ed vlas\u016f DUOLOGI"},"content":{"rendered":"<p><span style=\"font-family: arial, helvetica, sans-serif; color: #000000;\"><strong>O DUOLOGI<\/strong><\/span><\/p>\n<p><span style=\"font-family: arial, helvetica, sans-serif; color: #000000;\">Hybridn\u00ed p\u00e9\u010de o vlasy s vlastnostmi p\u00e9\u010de o ple\u0165 podporuje p\u00e9\u010di o poko\u017eku hlavy a cel\u00fd ritu\u00e1l si m\u016f\u017eete p\u0159izp\u016fsobit podle sv\u00fdch pot\u0159eb. Slo\u017een\u00ed s p\u0159\u00edsadami p\u00e9\u010de o ple\u0165 pro \u010di\u0161t\u011bn\u00ed, hydrataci a o\u0161et\u0159en\u00ed vlas\u016f. Najd\u011bte nejlep\u0161\u00ed vlasov\u00fd ritu\u00e1l pro sv\u016fj typ vlas\u016f! DUOLOGI chr\u00e1n\u00ed a posiluje vlasy p\u016fsoben\u00edm p\u0159\u00edmo na vlasov\u00e9 vl\u00e1kno a z\u00e1rove\u0148 udr\u017euje optim\u00e1ln\u00ed prost\u0159ed\u00ed vlasov\u00e9 poko\u017eky. Je \u010das za\u010d\u00edt pe\u010dovat o vlasy stejn\u011b jako o svou ple\u0165!<\/span><\/p>\n<p>&#8212;&#8212;&#8212;&#8212;&#8212;&#8212;&#8212;&#8212;&#8212;&#8212;&#8212;&#8212;&#8212;&#8212;&#8212;&#8212;&#8212;&#8212;&#8212;&#8212;&#8212;&#8212;&#8212;&#8212;&#8212;&#8212;&#8212;&#8212;&#8212;&#8212;&#8212;&#8212;&#8212;&#8212;&#8212;&#8212;<\/p>\n<p><span style=\"font-family: arial, helvetica, sans-serif;\">\u0160ampon proti vypad\u00e1v\u00e1n\u00ed vlas\u016f je revitaliza\u010dn\u00ed \u0161ampon pro k\u0159ehk\u00e9 vlasy, kter\u00fd p\u0159i um\u00fdv\u00e1n\u00ed osv\u011b\u017euje poko\u017eku hlavy a dod\u00e1v\u00e1 j\u00ed novou energii.<\/span><\/p>\n<p><span style=\"font-family: arial, helvetica, sans-serif;\">P\u0159ipravuje ide\u00e1ln\u00ed podm\u00ednky pro maxim\u00e1ln\u00ed vst\u0159ebatelnost tonika proti vypad\u00e1v\u00e1n\u00ed vlas\u016f, pom\u00e1h\u00e1 pos\u00edlit \u0159\u00eddnouc\u00ed vlasy a sni\u017euje jejich vypad\u00e1v\u00e1n\u00ed.<strong>O 50 % men\u0161\u00ed l\u00e1mavost vlas\u016f<sup>\u22061<\/sup><\/strong><\/span><br \/>\n<span style=\"font-family: arial, helvetica, sans-serif;\"><strong>Nejm\u00e9n\u011b o 3500 v\u00edce vlas\u016f v r\u016fstov\u00e9 f\u00e1zi za 8 t\u00fddn\u016f<sup>\u2206<\/sup><\/strong><\/span><\/p>\n<p><span style=\"font-family: arial, helvetica, sans-serif;\">P\u0159\u00edsady zn\u00e1m\u00e9 z oblasti p\u00e9\u010de o ple\u0165, pro-vitamin B5, vitamin B3 a r\u00fd\u017eov\u00e9 peptidy, podporuj\u00ed r\u016fst zdrav\u00fdch vlas\u016f a pom\u00e1haj\u00ed jemn\u00fdm vlas\u016fm navracet vitalitu, hebkost a objem.<\/span><\/p>\n<p><span style=\"font-family: arial, helvetica, sans-serif;\"><sup>\u2206\u00a0<\/sup>Klinicky testov\u00e1no s pou\u017eit\u00edm \u0161amponu proti vypad\u00e1v\u00e1n\u00ed vlas\u016f a tonika proti vypad\u00e1v\u00e1n\u00ed vlas\u016f<\/span><br \/>\n<span style=\"font-family: arial, helvetica, sans-serif;\"><sup>\u22061<\/sup>\u00a0Testov\u00e1no na p\u0159\u00edstroj\u00edch oproti neo\u0161et\u0159en\u00fdm vlas\u016fm<\/span><\/p>\n<p><strong><span style=\"font-family: arial, helvetica, sans-serif;\">POU\u017dIT\u00cd<\/span><\/strong><\/p>\n<div class=\"product-detail-1rka0xt\" data-testid=\"Presentation-product-detail-accordion\">\n<div id=\"howToUse\" class=\"MuiPaper-root MuiPaper-elevation MuiPaper-rounded MuiPaper-elevation1 MuiAccordion-root MuiAccordion-rounded Mui-expanded MuiAccordion-gutters product-detail-7m82x0\">\n<div class=\"MuiCollapse-root MuiCollapse-vertical MuiCollapse-entered product-detail-c4sutr\">\n<div class=\"MuiCollapse-wrapper MuiCollapse-vertical product-detail-hboir5\">\n<div class=\"MuiCollapse-wrapperInner MuiCollapse-vertical product-detail-8atqhb\">\n<div class=\"MuiAccordion-region\" role=\"region\">\n<div class=\"MuiAccordionDetails-root product-detail-1s1u24f\">\n<div class=\"product-detail-1ek59ni\">\n<p><span style=\"font-family: arial, helvetica, sans-serif;\">Naneste na mokr\u00e9 vlasy, vytvo\u0159te hebkou p\u011bnu a d\u016fkladn\u011b opl\u00e1chn\u011bte. Optim\u00e1ln\u00edch v\u00fdsledk\u016f dos\u00e1hnete p\u0159i pou\u017e\u00edv\u00e1n\u00ed spolu s tonikem proti vypad\u00e1v\u00e1n\u00ed vlas\u016f.<\/span><\/p>\n<\/div>\n<\/div>\n<\/div>\n<\/div>\n<\/div>\n<\/div>\n<\/div>\n<div id=\"ingredients\" class=\"MuiPaper-root MuiPaper-elevation MuiPaper-rounded MuiPaper-elevation1 MuiAccordion-root MuiAccordion-rounded MuiAccordion-gutters product-detail-7m82x0\">\n<div class=\"MuiButtonBase-root MuiAccordionSummary-root MuiAccordionSummary-gutters product-detail-g72u2n\" tabindex=\"0\" role=\"button\" aria-expanded=\"false\" data-testid=\"section-summary\">\n<div class=\"MuiAccordionSummary-content MuiAccordionSummary-contentGutters product-detail-17o5nyn\">\n<div class=\"product-detail-1ek59ni\">\n<p><span style=\"font-family: arial, helvetica, sans-serif; color: #000000;\">Obsahuje aktivn\u00ed p\u0159\u00edsady pro podporu vlas\u016f i poko\u017eky hlavy plus p\u0159\u00edsady zn\u00e1m\u00e9 z p\u00e9\u010de o ple\u0165 a \u010dist\u00ed, hydratuje a pe\u010duje o va\u0161e vlasy od ko\u0159\u00ednk\u016f.<\/span><\/p>\n<p><span style=\"font-family: arial, helvetica, sans-serif; color: #000000;\">Ochrann\u00fd\u00a0<strong>vitamin B3<\/strong>, ve sv\u011bt\u011b p\u00e9\u010de o ple\u0165 zn\u00e1m\u00fd l\u00e9pe jako\u00a0<strong>nikotinamid<\/strong>, proslul schopnost\u00ed posilovat bun\u011b\u010dn\u00e9 procesy a navracet energii. V\u00fdznamn\u011b pom\u00e1h\u00e1 poko\u017ece i vlas\u016fm, kter\u00e9 pom\u00e1h\u00e1 chr\u00e1nit proti stresuj\u00edc\u00edm vliv\u016fm okol\u00ed a podporuje r\u016fst siln\u011bj\u0161\u00edch, odoln\u011bj\u0161\u00edch vlas\u016f.<\/span><\/p>\n<p><span style=\"font-family: arial, helvetica, sans-serif;\"><strong>Pro-Vitamin B5 (D-panthenol)<\/strong>\u00a0ve vlasech pom\u00e1h\u00e1 uzamknout hydrataci a zacelit ji\u017e nap\u00e1chan\u00e9 \u0161kody. Jeho schopnost p\u0159itahovat a udr\u017eet vlhkost vlasy pom\u00e1h\u00e1 posilovat, vyhlazovat a prop\u016fj\u010duje jim v\u00edce lesku.<\/span><\/p>\n<p><span style=\"font-family: arial, helvetica, sans-serif;\"><strong>R\u00fd\u017eov\u00e9 peptidy<\/strong>\u00a0jsou zdrojem esenci\u00e1ln\u00edch protein\u016f pro zdravou strukturu vlasu, snadno se nav\u00e1\u017e\u00ed na jeho povrch, kde pom\u00e1haj\u00ed pos\u00edlit a vyhladit jeho kutikulu. S pomoc\u00ed AI jsme pro jejich kompatibilitu s p\u0159irozen\u00fdm vlasem vybrali \u010dty\u0159i peptidy z r\u00fd\u017eov\u00e9ho proteinu, kter\u00e9 vlasy pom\u00e1haj\u00ed od ko\u0159\u00ednk\u016f a\u017e ke kone\u010dk\u016fm vzpru\u017eit a pos\u00edlit.<\/span><\/p>\n<p><span style=\"font-family: arial, helvetica, sans-serif;\"><strong>V\u0161echno, co chcete \u2013 a nic z toho, co nechcete.<\/strong><\/span><br \/>\n<span style=\"font-family: arial, helvetica, sans-serif;\">Na\u0161e \u00fa\u010dinn\u00e9 p\u0159\u00edpravky p\u00e9\u010de o vlasy bez obsahu oplachov\u00fdch paraben\u016f a silikon\u016f funguj\u00ed jako p\u00e9\u010de o ple\u0165 pro va\u0161e vlasy.<\/span><\/p>\n<p><span style=\"font-family: arial, helvetica, sans-serif; font-size: 10pt;\">&#8212;&#8212;&#8212;&#8212;&#8212;&#8212;&#8212;&#8212;&#8212;&#8212;&#8212;&#8212;&#8212;&#8212;&#8212;&#8212;&#8212;&#8212;&#8212;&#8212;&#8212;&#8212;&#8212;&#8212;&#8212;&#8212;&#8212;&#8212;&#8212;&#8212;&#8212;&#8212;&#8212;&#8212;&#8212;&#8212;&#8212;&#8212;&#8212;&#8212;&#8212;&#8212;&#8212;<\/span><\/p>\n<\/div>\n<div class=\"MuiBox-root product-detail-1a3hsxn\">\n<div><span style=\"font-family: arial, helvetica, sans-serif; font-size: 10pt;\">V\u0161echny slo\u017eky<\/span><\/div>\n<div><span style=\"font-family: arial, helvetica, sans-serif; font-size: 10pt;\">AQUA, SODIUM LAURETH SULFATE, COCAMIDOPROPYL BETAINE, SODIUM CHLORIDE, GLYCOL DISTEARATE, LAURETH-4, POLYQUATERNIUM-7, DICAPRYLYL ETHER, SODIUM LAUROYL SARCOSINATE, LAURYL ALCOHOL, CITRIC ACID, COCO-GLUCOSIDE, GLYCERYL OLEATE, GUAR HYDROXYPROPYLTRIMONIUM CHLORIDE, GLYCERIN, HYDROLYZED RICE PROTEIN, NIACINAMIDE, PANTHENOL, SODIUM CITRATE, TOCOPHEROL, HYDROGENATED VEGETABLE GLYCERIDES CITRATE, PARFUM, SODIUM BENZOATE, PHENOXYETHANOL, HEXYL CINNAMAL, LIMONENE, BENZYL SALICYLATE, LINALOOL, FORMIC ACID<\/span><\/div>\n<\/div>\n<\/div>\n<div class=\"MuiAccordionSummary-expandIconWrapper product-detail-1fx8m19\"><\/div>\n<\/div>\n<div class=\"MuiCollapse-root MuiCollapse-vertical MuiCollapse-hidden product-detail-a0y2e3\">\n<div class=\"MuiCollapse-wrapper MuiCollapse-vertical product-detail-hboir5\">\n<div class=\"MuiCollapse-wrapperInner MuiCollapse-vertical product-detail-8atqhb\">\n<div class=\"MuiAccordion-region\" role=\"region\">\n<div class=\"MuiAccordionDetails-root product-detail-1s1u24f\">\n<div class=\"MuiBox-root product-detail-8atqhb\">\n<div class=\"MuiBox-root product-detail-zc1eym\">\n<div class=\"product-detail-1f5iv08\">\n<div class=\"product-detail-1eend5m\"><\/div>\n<\/div>\n<\/div>\n<\/div>\n<\/div>\n<\/div>\n<\/div>\n<\/div>\n<\/div>\n<\/div>\n<\/div>\n","protected":false},"excerpt":{"rendered":"<div data-testid=\"Presentation-product-detail-summary-info\">\n<div class=\"Y3BBE\"><span style=\"font-family: arial, helvetica, sans-serif; color: #000000;\"><strong class=\"Yjhzub\">Mrz\u00ed n\u00e1s to, ale produkt je zde moment\u00e1ln\u011b vyprodan\u00fd.<\/strong><\/span><\/div>\n<div class=\"Y3BBE\"><span style=\"font-family: arial, helvetica, sans-serif; color: #000000;\">Pokud na produkt sp\u011bch\u00e1te, doporu\u010dujeme objednat p\u0159\u00edmo p\u0159es\u00a0<img decoding=\"async\" class=\"emoji\" role=\"img\" draggable=\"false\" src=\"https:\/\/s.w.org\/images\/core\/emoji\/17.0.2\/svg\/1f449.svg\" alt=\"\ud83d\udc49\" \/>\u00a0<span style=\"color: #ff0000;\"><em><a style=\"color: #ff0000;\" title=\"\u0160ampon proti vypad\u00e1v\u00e1n\u00ed vlas\u016f DUOLOGI\" href=\"https:\/\/cz.oriflame.com\/products\/product?code=44955&amp;query=44955&amp;store=CZ-beautyobchod\" target=\"_blank\" rel=\"nofollow noopener noreferrer\"><strong>ORIFLAME<\/strong><\/a><\/em><\/span>.<\/span><\/div>\n<div><\/div>\n<div class=\"Y3BBE\"><span style=\"font-family: arial, helvetica, sans-serif; color: #000000;\"><em>Pro nov\u00e9 z\u00e1kazn\u00edky je te\u010f p\u0159ipraven\u00a0bal\u00ed\u010dek v\u00fdhod<\/em>:<\/span><\/div>\n<div class=\"Y3BBE\"><span style=\"font-family: arial, helvetica, sans-serif; color: #000000;\"><img decoding=\"async\" class=\"emoji\" role=\"img\" draggable=\"false\" src=\"https:\/\/s.w.org\/images\/core\/emoji\/17.0.2\/svg\/2705.svg\" alt=\"\u2705\" \/>\u00a0<strong class=\"Yjhzub\">15% UV\u00cdTAC\u00cd SLEVA<\/strong>\u00a0na prvn\u00ed n\u00e1kup<\/span><\/div>\n<div class=\"Y3BBE\"><span style=\"font-family: arial, helvetica, sans-serif; color: #000000;\"><img decoding=\"async\" class=\"emoji\" role=\"img\" draggable=\"false\" src=\"https:\/\/s.w.org\/images\/core\/emoji\/17.0.2\/svg\/1f447.svg\" alt=\"\ud83d\udc47\" \/><img decoding=\"async\" class=\"emoji\" role=\"img\" draggable=\"false\" src=\"https:\/\/s.w.org\/images\/core\/emoji\/17.0.2\/svg\/1f447.svg\" alt=\"\ud83d\udc47\" \/><img decoding=\"async\" class=\"emoji\" role=\"img\" draggable=\"false\" src=\"https:\/\/s.w.org\/images\/core\/emoji\/17.0.2\/svg\/1f447.svg\" alt=\"\ud83d\udc47\" \/><img decoding=\"async\" class=\"emoji\" role=\"img\" draggable=\"false\" src=\"https:\/\/s.w.org\/images\/core\/emoji\/17.0.2\/svg\/1f447.svg\" alt=\"\ud83d\udc47\" \/><\/span><\/div>\n<div class=\"Y3BBE\"><span style=\"font-family: arial, helvetica, sans-serif; color: #000000;\"><img decoding=\"async\" class=\"emoji\" role=\"img\" draggable=\"false\" src=\"https:\/\/s.w.org\/images\/core\/emoji\/17.0.2\/svg\/2705.svg\" alt=\"\u2705\" \/>Sta\u010d\u00ed vlo\u017eit produkt do ko\u0161\u00edku\u00a0<img decoding=\"async\" class=\"emoji\" role=\"img\" draggable=\"false\" src=\"https:\/\/s.w.org\/images\/core\/emoji\/17.0.2\/svg\/1f6d2.svg\" alt=\"\ud83d\uded2\" \/>\u00a0\u00a0a sleva se v\u00e1m okam\u017eit\u011b ode\u010dte.<\/span><\/div>\n<div class=\"Y3BBE\"><span style=\"font-family: arial, helvetica, sans-serif; color: #000000;\"><img decoding=\"async\" class=\"emoji\" role=\"img\" draggable=\"false\" src=\"https:\/\/s.w.org\/images\/core\/emoji\/17.0.2\/svg\/2705.svg\" alt=\"\u2705\" \/> 1<strong class=\"Yjhzub\">5% CASHBACK<\/strong>\u00a0z ka\u017ed\u00e9 objedn\u00e1vky<\/span><br \/>\n<span style=\"font-family: arial, helvetica, sans-serif; color: #000000;\"><img decoding=\"async\" class=\"emoji\" role=\"img\" draggable=\"false\" src=\"https:\/\/s.w.org\/images\/core\/emoji\/17.0.2\/svg\/2705.svg\" alt=\"\u2705\" \/>\u00a0<strong class=\"Yjhzub\">DOPRAVA ZDARMA<\/strong>\u00a0nad 750 K\u010d<\/span><\/div>\n<div>*<\/div>\n<div>*<\/div>\n<\/div>\n<div class=\"product-detail-v55igo\" data-testid=\"Presentation-product-detail-summary-info\"><span style=\"font-family: arial, helvetica, sans-serif; color: #000000;\">Revitaliza\u010dn\u00ed \u0161ampon pom\u00e1h\u00e1 pos\u00edlit k\u0159ehk\u00e9, \u0159\u00eddnouc\u00ed vlasy a navrac\u00ed jim objem. Navrac\u00ed poko\u017ece hlavy energii a sv\u011b\u017eest a vytv\u00e1\u0159\u00ed ide\u00e1ln\u00ed podm\u00ednky pro optim\u00e1ln\u00ed vst\u0159eb\u00e1n\u00ed tonika proti vypad\u00e1v\u00e1n\u00ed vlas\u016f.<\/span><\/div>\n<div class=\"product-detail-1buwlw5\">\n<div class=\"product-detail-uyp0pw\">\n<ul>\n<li class=\"product-detail-bphipo\"><span style=\"font-family: arial, helvetica, sans-serif; color: #000000;\">Posiluje k\u0159ehk\u00e9 vlasy a sni\u017euje jejich l\u00e1mavost o 50 %<\/span><\/li>\n<li class=\"product-detail-bphipo\"><span style=\"font-family: arial, helvetica, sans-serif; color: #000000;\">Zvy\u0161uje hustotu vlas\u016f, b\u011bhem 8 t\u00fddn\u016f nejm\u00e9n\u011b o 3500 v\u00edce vlas\u016f v r\u016fstov\u00e9 f\u00e1zi<\/span><\/li>\n<li class=\"product-detail-bphipo\"><span style=\"font-family: arial, helvetica, sans-serif; color: #000000;\">S p\u0159\u00edsadami p\u00e9\u010de o ple\u0165 \u2013 vitamin B3, pro-vitamin B5 a r\u00fd\u017eov\u00e9 peptidy<\/span><\/li>\n<\/ul>\n<p><span style=\"font-family: arial, helvetica, sans-serif; color: #000000;\">250ml<\/span><\/p>\n<div class=\"woocommerce-product-details__short-description\">\n<div class=\"MuiTypography-root MuiTypography-body1 products-app-emotion-fifwsr\">\n<div class=\"products-app-emotion-oj2xir\" data-testid=\"Presentation-product-detail-wysiwyg\">\n<div class=\"woocommerce-product-details__short-description\">\n<div class=\"woocommerce-product-details__short-description\">\n<div>\n<div class=\"woocommerce-product-details__short-description\">\n<div class=\"woocommerce-product-details__short-description\">\n<div class=\"product-detail-o40nju\" data-testid=\"Presentation-product-detail-price-section\"><span class=\"MuiTypography-root MuiTypography-caption product-detail-8q5iga\" style=\"font-family: arial, helvetica, sans-serif; font-size: 10pt;\" data-testid=\"Presentation-product-detail-LowestPreviousPrice\">Nejni\u017e\u0161\u00ed cena platn\u00e1 ve 30 dnech p\u0159ed platnost\u00ed sou\u010dasn\u00e9 ceny byla 190 K\u010d<\/span><\/div>\n<\/div>\n<\/div>\n<\/div>\n<\/div>\n<\/div>\n<\/div>\n<\/div>\n<\/div>\n<\/div>\n<\/div>\n","protected":false},"featured_media":4458,"comment_status":"closed","ping_status":"closed","template":"","meta":[],"pwb-brand":[27],"product_brand":[91],"product_cat":[32],"product_tag":[],"class_list":{"0":"post-4457","1":"product","2":"type-product","3":"status-publish","4":"has-post-thumbnail","6":"pwb-brand-https-cz-oriflame-com-cataloguesstorebeautyobchod","7":"product_brand-oriflame","8":"product_cat-pece-o-vlasy","10":"first","11":"outofstock","12":"taxable","13":"shipping-taxable","14":"purchasable","15":"product-type-simple"},"brands":[{"id":27,"name":"Oriflame","slug":"https-cz-oriflame-com-cataloguesstorebeautyobchod"}],"_links":{"self":[{"href":"https:\/\/priroda-uvadi.cz\/beauty\/wp-json\/wp\/v2\/product\/4457","targetHints":{"allow":["GET"]}}],"collection":[{"href":"https:\/\/priroda-uvadi.cz\/beauty\/wp-json\/wp\/v2\/product"}],"about":[{"href":"https:\/\/priroda-uvadi.cz\/beauty\/wp-json\/wp\/v2\/types\/product"}],"replies":[{"embeddable":true,"href":"https:\/\/priroda-uvadi.cz\/beauty\/wp-json\/wp\/v2\/comments?post=4457"}],"wp:featuredmedia":[{"embeddable":true,"href":"https:\/\/priroda-uvadi.cz\/beauty\/wp-json\/wp\/v2\/media\/4458"}],"wp:attachment":[{"href":"https:\/\/priroda-uvadi.cz\/beauty\/wp-json\/wp\/v2\/media?parent=4457"}],"wp:term":[{"taxonomy":"pwb-brand","embeddable":true,"href":"https:\/\/priroda-uvadi.cz\/beauty\/wp-json\/wp\/v2\/pwb-brand?post=4457"},{"taxonomy":"product_brand","embeddable":true,"href":"https:\/\/priroda-uvadi.cz\/beauty\/wp-json\/wp\/v2\/product_brand?post=4457"},{"taxonomy":"product_cat","embeddable":true,"href":"https:\/\/priroda-uvadi.cz\/beauty\/wp-json\/wp\/v2\/product_cat?post=4457"},{"taxonomy":"product_tag","embeddable":true,"href":"https:\/\/priroda-uvadi.cz\/beauty\/wp-json\/wp\/v2\/product_tag?post=4457"}],"curies":[{"name":"wp","href":"https:\/\/api.w.org\/{rel}","templated":true}]}}