{"id":3502,"date":"2022-08-11T17:03:14","date_gmt":"2022-08-11T15:03:14","guid":{"rendered":"https:\/\/priroda-uvadi.cz\/beauty\/?post_type=product&#038;p=3502"},"modified":"2023-12-15T16:34:59","modified_gmt":"2023-12-15T15:34:59","slug":"cistici-sprchovy-gel-s-bio-zelenym-cajem-a-okurkou-love-nature","status":"publish","type":"product","link":"https:\/\/priroda-uvadi.cz\/beauty\/produkt\/cistici-sprchovy-gel-s-bio-zelenym-cajem-a-okurkou-love-nature\/","title":{"rendered":"\u010cistic\u00ed sprchov\u00fd gel s bio zelen\u00fdm \u010dajem a okurkou Love Nature"},"content":{"rendered":"<div class=\"Wysiwyg_wysiwyg__2s0pn\">\n<p>Tento sprchov\u00fd gel obsahuje p\u0159\u00edrodn\u00ed bio v\u00fdta\u017eky ze zelen\u00e9ho \u010daje a okurky.<\/p>\n<p><strong>P\u0159\u00edrodn\u00ed v\u00fdta\u017eek z bio zelen\u00e9ho \u010daje<\/strong><br \/>\nZelen\u00fd \u010daj, jeho\u017e historie za\u010d\u00edn\u00e1 ve starov\u011bk\u00e9 \u010c\u00edn\u011b, proslul mnoha nutri\u010dn\u00edmi p\u0159\u00ednosy a dnes si ho u\u017e\u00edv\u00e1 cel\u00fd sv\u011bt. Je vydatn\u00fdm zdrojem siln\u00fdch antioxidant\u016f i v\u00fd\u017eivn\u00fdch l\u00e1tek a nav\u00edc do \u0159ady Love Nature vn\u00e1\u0161\u00ed sv\u00e9 b\u00e1je\u010dn\u00e9 \u010distic\u00ed schopnosti.<\/p>\n<p><strong>P\u0159\u00edrodn\u00ed v\u00fdta\u017eek z bio okurky<\/strong><br \/>\n<span style=\"font-family: arial, helvetica, sans-serif; color: #000000;\">Nikoho nep\u0159ekvap\u00ed informace, \u017ee okurky obsahuj\u00ed vysok\u00fd pod\u00edl vody, kter\u00e1 pom\u00e1h\u00e1 hydratovat poko\u017eku. Ne ka\u017ed\u00fd si ale uv\u011bdomuje, \u017ee okurky obsahuj\u00ed tak\u00e9 pestrou \u0161k\u00e1lu miner\u00e1l\u016f, aminokyselin a mastn\u00fdch kyselin, kter\u00e9 ple\u0165 pom\u00e1haj\u00ed osv\u011b\u017eit, um\u00fdt a pro\u010distit. Nen\u00ed divu, \u017ee je m\u00e1me tak r\u00e1di!<\/span><\/p>\n<p><span style=\"font-family: arial, helvetica, sans-serif; color: #000000;\">Vyzkou\u0161ejte sv\u011b\u017e\u00ed \u0159adu Love Nature a u\u017eijte si \u010distic\u00ed \u00fa\u010dinky p\u0159\u00edrodn\u00edho bio zelen\u00e9ho \u010daje a v\u00fdta\u017ek\u016f z okurky. Produkty v sob\u011b ukr\u00fdvaj\u00ed neodolatelnou vzru\u0161uj\u00edc\u00ed kombinac\u00ed sv\u011b\u017e\u00edch zelen\u00fdch ingredienc\u00ed, kter\u00e9 poskytuj\u00ed b\u00e1je\u010dn\u00fd z\u00e1\u017eitek pro va\u0161e smysly a vy si je prost\u011b zamilujete!<\/span><\/p>\n<p><span style=\"font-family: arial, helvetica, sans-serif; color: #000000; font-size: 10pt;\">&#8212;&#8212;&#8212;&#8212;&#8212;&#8212;&#8212;&#8212;&#8212;&#8212;&#8212;&#8212;&#8212;&#8212;&#8212;&#8212;&#8212;&#8212;&#8212;&#8212;&#8212;&#8212;&#8212;&#8212;&#8212;&#8212;&#8212;&#8212;&#8212;&#8212;&#8212;&#8212;&#8212;&#8212;&#8212;&#8212;&#8212;&#8212;&#8212;&#8212;&#8212;&#8212;&#8212;&#8212;&#8212;&#8212;&#8212;&#8212;&#8212;&#8211;<\/span><\/p>\n<\/div>\n<div class=\"Ingredients_ingredients__description__3kp1n\">\n<div><span style=\"font-family: arial, helvetica, sans-serif; color: #000000; font-size: 10pt;\">V\u0161echny slo\u017eky<\/span><\/div>\n<div><span style=\"font-family: arial, helvetica, sans-serif; color: #000000; font-size: 10pt;\">AQUA, SODIUM LAURETH SULFATE, COCAMIDOPROPYL BETAINE, SODIUM CHLORIDE, LAURETH-3, PARFUM, SODIUM BENZOATE, CITRIC ACID, SODIUM SALICYLATE, SODIUM LAUROYL SARCOSINATE, GLYCERIN, LINALOOL, SODIUM CITRATE, CUCUMIS SATIVUS FRUIT EXTRACT, CAMELLIA SINENSIS LEAF EXTRACT, LACTIC ACID, POTASSIUM SORBATE, PHENOXYETHANOL, CI 61570, CI 19140<\/span><\/div>\n<\/div>\n","protected":false},"excerpt":{"rendered":"<div class=\"Description_description__content__GhYzs Description_description__content--is-expanded__25XuA\">\n<div>\n<p><span style=\"font-family: arial, helvetica, sans-serif; color: #000000;\">Lahodn\u011b \u010distic\u00ed sprchov\u00fd gel pln\u00fd k\u0159ehce sv\u011b\u017e\u00ed v\u016fn\u011b zelen\u00e9ho \u010daje a okurky. B\u00e1je\u010dn\u011b p\u011bniv\u00e1 receptura s p\u0159\u00edrodn\u00edmi bio v\u00fdta\u017eky neobsahuje parabeny ani silikony a p\u0159in\u00e1\u0161\u00ed pleti pocit dokonal\u00e9ho umyt\u00ed a sv\u011b\u017eesti. Slo\u017een\u00ed s vyv\u00e1\u017een\u00fdm pH je dermatologicky testovan\u00e9 a biologicky odbourateln\u00e9*.<\/span><\/p>\n<p><span style=\"font-family: arial, helvetica, sans-serif; color: #000000;\"> A pokud v\u00e1m to je\u0161t\u011b nesta\u010d\u00ed, l\u00e1hev je vyrobena ze 100% PCR plastu.\u00a0 250ml<\/span><\/p>\n<\/div>\n<\/div>\n","protected":false},"featured_media":3503,"comment_status":"closed","ping_status":"closed","template":"","meta":[],"pwb-brand":[],"product_brand":[],"product_cat":[15,33],"product_tag":[],"class_list":{"0":"post-3502","1":"product","2":"type-product","3":"status-publish","4":"has-post-thumbnail","6":"product_cat-nezarazene","7":"product_cat-sprchove-gely","9":"first","10":"instock","11":"taxable","12":"shipping-taxable","13":"purchasable","14":"product-type-simple"},"brands":[],"_links":{"self":[{"href":"https:\/\/priroda-uvadi.cz\/beauty\/wp-json\/wp\/v2\/product\/3502","targetHints":{"allow":["GET"]}}],"collection":[{"href":"https:\/\/priroda-uvadi.cz\/beauty\/wp-json\/wp\/v2\/product"}],"about":[{"href":"https:\/\/priroda-uvadi.cz\/beauty\/wp-json\/wp\/v2\/types\/product"}],"replies":[{"embeddable":true,"href":"https:\/\/priroda-uvadi.cz\/beauty\/wp-json\/wp\/v2\/comments?post=3502"}],"wp:featuredmedia":[{"embeddable":true,"href":"https:\/\/priroda-uvadi.cz\/beauty\/wp-json\/wp\/v2\/media\/3503"}],"wp:attachment":[{"href":"https:\/\/priroda-uvadi.cz\/beauty\/wp-json\/wp\/v2\/media?parent=3502"}],"wp:term":[{"taxonomy":"pwb-brand","embeddable":true,"href":"https:\/\/priroda-uvadi.cz\/beauty\/wp-json\/wp\/v2\/pwb-brand?post=3502"},{"taxonomy":"product_brand","embeddable":true,"href":"https:\/\/priroda-uvadi.cz\/beauty\/wp-json\/wp\/v2\/product_brand?post=3502"},{"taxonomy":"product_cat","embeddable":true,"href":"https:\/\/priroda-uvadi.cz\/beauty\/wp-json\/wp\/v2\/product_cat?post=3502"},{"taxonomy":"product_tag","embeddable":true,"href":"https:\/\/priroda-uvadi.cz\/beauty\/wp-json\/wp\/v2\/product_tag?post=3502"}],"curies":[{"name":"wp","href":"https:\/\/api.w.org\/{rel}","templated":true}]}}