{"id":2876,"date":"2022-03-28T16:53:38","date_gmt":"2022-03-28T14:53:38","guid":{"rendered":"https:\/\/priroda-uvadi.cz\/beauty\/?post_type=product&#038;p=2876"},"modified":"2026-01-31T17:01:41","modified_gmt":"2026-01-31T16:01:41","slug":"nocni-krem-optimals-even-out","status":"publish","type":"product","link":"https:\/\/priroda-uvadi.cz\/beauty\/produkt\/nocni-krem-optimals-even-out\/","title":{"rendered":"No\u010dn\u00ed kr\u00e9m Optimals Even Out 50ml"},"content":{"rendered":"<div class=\"Description_description__content__GhYzs Description_description__content--is-expanded__25XuA\">\n<div>\n<p><span style=\"font-family: arial, helvetica, sans-serif; color: #000000;\">Pou\u017eit\u00ed: k obnov\u011b ko\u017en\u00ed bari\u00e9ry b\u011bhem sp\u00e1nku a k prevenci pigmentov\u00fdch skvrn.<\/span><\/p>\n<p><span style=\"font-family: arial, helvetica, sans-serif; color: #000000;\">V\u00fd\u017eiva pleti: vitamin C + kyselina salicylov\u00e1 z v\u00fdta\u017eku z tu\u017eebn\u00edku\/esenci\u00e1ln\u00ed mastn\u00e9 kyseliny z \u0161\u00edpkov\u00e9ho oleje\/technologie UniTone<\/span><\/p>\n<p><span style=\"font-family: arial, helvetica, sans-serif; color: #000000;\">Jak funguje: obsahuje \u00fa\u010dinn\u00e9 \u017eiviny a p\u0159irozen\u011b silnou technologii UniTone, kter\u00e9 \u0159e\u0161\u00ed projevy hyperpigmentace, jako jsou tmav\u00e9 skvrny nebo nerovnom\u011brn\u00e9 zbarven\u00ed pleti. Mastn\u00e9 kyseliny z \u0161\u00edpkov\u00e9ho oleje pom\u00e1haj\u00ed obnovit ko\u017en\u00ed bari\u00e9ru a spole\u010dn\u011b b\u011bhem sp\u00e1nku ple\u0165 pom\u00e1haj\u00ed projasnit. <\/span><\/p>\n<p><span style=\"font-family: arial, helvetica, sans-serif; color: #000000;\">Na\u0161i odborn\u00edci na v\u00fd\u017eivu pleti vytvo\u0159ili tu spr\u00e1vnou rovnov\u00e1hu \u017eivin a p\u0159irozen\u011b mocn\u00e9 technologie, kter\u00e9 pleti pom\u00e1haj\u00ed dodat nezbytnou v\u00fd\u017eivu a p\u0159edch\u00e1zet tvorb\u011b pigmentov\u00fdch skvrn. Zat\u00edmco sp\u00edte, pracuj\u00ed na tom, aby byla ple\u0165 po probuzen\u00ed proz\u00e1\u0159en\u011bj\u0161\u00ed.<\/span><\/p>\n<p><span style=\"font-family: arial, helvetica, sans-serif; color: #000000;\">Vitamin C + kyselina salicylov\u00e1 z v\u00fdta\u017eku z tu\u017eebn\u00edku \u2013 tyto \u017eiviny spole\u010dn\u011b pom\u00e1haj\u00ed redukovat pigmentov\u00e9 skvrny a p\u0159isp\u00edvaj\u00ed k \u010dist\u00e9, rovnom\u011brn\u011b zbarven\u00e9 poko\u017ece.<\/span><\/p>\n<p><span style=\"font-family: arial, helvetica, sans-serif; color: #000000;\">Esenci\u00e1ln\u00ed mastn\u00e9 kyseliny z \u0161\u00edpkov\u00e9ho oleje \u2013 \u0161\u00edpkov\u00fd olej p\u0159irozen\u011b obsahuje velk\u00e9 mno\u017estv\u00ed omega-3 a omega-6 mastn\u00fdch kyselin, kter\u00e9 v noci pracuj\u00ed na obnov\u011b ko\u017en\u00ed bari\u00e9ry.<\/span><\/p>\n<p><span style=\"font-family: arial, helvetica, sans-serif; color: #000000;\">UniTone je du\u00e1ln\u00ed technologie p\u0159\u00edrodn\u00edho p\u016fvodu, kter\u00e1 pom\u00e1h\u00e1 redukovat projevy hyperpigmentace, jako jsou tmav\u00e9 skvrny, a z\u00e1rove\u0148 jim p\u0159edch\u00e1zet, a odhaluje jasn\u011bj\u0161\u00ed, rovnom\u011brn\u011bj\u0161\u00ed t\u00f3n pleti.<\/span><\/p>\n<p><strong><span style=\"font-family: arial, helvetica, sans-serif; color: #000000;\">POU\u017dIT\u00cd:<\/span><\/strong><\/p>\n<p><span style=\"font-family: arial, helvetica, sans-serif; color: #000000;\">No\u010dn\u00ed kr\u00e9m Even Out pom\u00e1h\u00e1 pleti poskytovat d\u016fle\u017eitou no\u010dn\u00ed v\u00fd\u017eivu s \u00fa\u010dinn\u00fdmi \u017eivinami. Pokud dojde k podr\u00e1\u017ed\u011bn\u00ed, p\u0159esta\u0148te kr\u00e9m pou\u017e\u00edvat.<\/span><\/p>\n<p><span style=\"font-family: arial, helvetica, sans-serif; color: #000000;\">Jak: Naneste kr\u00e9m o objemu hr\u00e1\u0161ku na tv\u00e1\u0159e, \u010delo a bradu. Rovnom\u011brn\u011b vet\u0159ete, dokud se zcela nevst\u0159eb\u00e1.<\/span><\/p>\n<p><span style=\"font-family: arial, helvetica, sans-serif; color: #000000;\">Kam: Na ple\u0165 tv\u00e1\u0159e a krku, vyhn\u011bte se oblasti o\u010d\u00ed.<\/span><\/p>\n<p><span style=\"font-family: arial, helvetica, sans-serif; color: #000000;\">Kdy: Pou\u017e\u00edvejte v noci na vy\u010di\u0161t\u011bnou ple\u0165 po aplikaci s\u00e9ra.<\/span><\/p>\n<p><span style=\"font-family: arial, helvetica, sans-serif; color: #000000;\">Tip: Pro\u010d se do ve\u010dern\u00edho ritu\u00e1lu p\u00e9\u010de o ple\u0165 nepustit o n\u011bco d\u0159\u00edv? No\u010dn\u00ed kr\u00e9my se mohou vst\u0159eb\u00e1vat pomaleji a obsahuj\u00ed \u017eiviny, kter\u00e9 pronikaj\u00ed a\u017e do hloubky poko\u017eky, kde b\u011bhem noci obnovuj\u00ed z\u00e1soby \u017eivin. Dejte pleti \u010das vst\u0159ebat v\u0161echny ty prosp\u011b\u0161n\u00e9 l\u00e1tky, aby v\u00e1m je neukradl pol\u0161t\u00e1\u0159.<\/span><\/p>\n<p>&nbsp;<\/p>\n<\/div>\n<\/div>\n<div class=\"Ingredients_ingredients__description__3kp1n\">\n<div><span style=\"font-family: arial, helvetica, sans-serif; font-size: 10pt;\">V\u0161echny slo\u017eky<\/span><\/div>\n<div><span style=\"font-family: arial, helvetica, sans-serif; font-size: 10pt;\">AQUA, GLYCERIN, DICAPRYLYL CARBONATE, CYCLOPENTASILOXANE, PENTAERYTHRITYL DISTEARATE, PROPANEDIOL, CYCLOHEXASILOXANE, GLYCERYL STEARATE, PEG-100 STEARATE, SODIUM POLYACRYLATE, PHENOXYETHANOL, DIMETHICONE, SUCROSE DILAURATE, STEARIC ACID, PARFUM, CAPRYLYL GLYCOL, IMIDAZOLIDINYL UREA, PALMITIC ACID, POLYSORBATE 20, CARBOMER, DISODIUM EDTA, ROSA CANINA FRUIT OIL, PISUM SATIVUM EXTRACT, ARACHIDIC ACID, LAURIC ACID, MYRISTIC ACID, P-ANISIC ACID, RIBES GROSSULARIA FRUIT EXTRACT, SPIRAEA ULMARIA LEAF EXTRACT, SORBIC ACID, POTASSIUM SORBATE, SODIUM BENZOATE, TOCOPHEROL, +\/-: CI 77891<\/span><\/div>\n<\/div>\n<div class=\"Description_description__content__GhYzs Description_description__content--is-expanded__25XuA\">\n<div>\n<p>&nbsp;<\/p>\n<\/div>\n<\/div>\n<div class=\"Description_description__more__1-dvM\">\n<div class=\"Description_description__more-label__1AgX2\" tabindex=\"-1\" role=\"button\"><\/div>\n<\/div>\n","protected":false},"excerpt":{"rendered":"<p><span style=\"font-family: arial, helvetica, sans-serif; color: #000000;\">Tento no\u010dn\u00ed kr\u00e9m pom\u00e1h\u00e1 poskytovat nezbytnou no\u010dn\u00ed v\u00fd\u017eivu, d\u00edky n\u00ed\u017e je ple\u0165 po probuzen\u00ed je\u0161t\u011b proz\u00e1\u0159en\u011bj\u0161\u00ed. Byl vytvo\u0159en na\u0161imi odborn\u00edky na v\u00fd\u017eivu pleti s c\u00edlem redukovat problematick\u00e9 zbarven\u00ed poko\u017eky a p\u0159edch\u00e1zet pigmentov\u00fdm skvrn\u00e1m.<\/span><\/p>\n<p><span style=\"font-family: arial, helvetica, sans-serif; color: #000000;\"> Obsahuje \u017eiviny v\u010detn\u011b vitaminu C a kyseliny salicylov\u00e9 z v\u00fdta\u017eku z tu\u017eebn\u00edku a technologii UniTone p\u0159\u00edrodn\u00edho p\u016fvodu.<\/span><\/p>\n<p><span style=\"font-family: arial, helvetica, sans-serif; color: #000000;\"> Nav\u00edc obsahuje esenci\u00e1ln\u00ed mastn\u00e9 kyseliny z \u0161\u00edpkov\u00e9ho oleje, kter\u00e9 b\u011bhem sp\u00e1nku pom\u00e1haj\u00ed obnovit ko\u017en\u00ed bari\u00e9ru. Hutn\u00e1 konzistence se rychle vst\u0159eb\u00e1v\u00e1 a zanech\u00e1v\u00e1 v\u00fd\u017eivnou, hydratuj\u00edc\u00ed vrstvu.\u00a0 50ml<\/span><\/p>\n<div class=\"woocommerce-product-details__short-description\">\n<div class=\"product-detail-1dv05e4\" data-testid=\"Presentation-product-detail-info-and-benefits\">\n<div class=\"product-detail-v4i4af\" data-testid=\"Presentation-product-detail-benefits\">\n<div class=\"woocommerce-product-details__short-description\">\n<div class=\"product-detail-v4i4af\" data-testid=\"Presentation-product-detail-benefits\">\n<div>\n<div class=\"woocommerce-product-details__short-description\">\n<div class=\"product-detail-v4i4af\" data-testid=\"Presentation-product-detail-benefits\">\n<div class=\"woocommerce-product-details__short-description\">\n<div class=\"product-detail-v4i4af\" data-testid=\"Presentation-product-detail-benefits\">\n<div class=\"woocommerce-product-details__short-description\">\n<div class=\"product-detail-v4i4af\" data-testid=\"Presentation-product-detail-benefits\">\n<div class=\"woocommerce-product-details__short-description\">\n<div class=\"product-detail-v4i4af\" data-testid=\"Presentation-product-detail-benefits\">\n<div class=\"woocommerce-product-details__short-description\">\n<div class=\"product-detail-v4i4af\" data-testid=\"Presentation-product-detail-benefits\">\n<div class=\"product-detail-o40nju\" data-testid=\"Presentation-product-detail-price-section\"><span class=\"MuiTypography-root MuiTypography-caption product-detail-8q5iga\" style=\"font-family: arial, helvetica, sans-serif; font-size: 10pt;\" data-testid=\"Presentation-product-detail-LowestPreviousPrice\">Nejni\u017e\u0161\u00ed cena platn\u00e1 ve 30 dnech p\u0159ed platnost\u00ed sou\u010dasn\u00e9 ceny byla 170 K\u010d<\/span><\/div>\n<\/div>\n<\/div>\n<\/div>\n<\/div>\n<\/div>\n<\/div>\n<\/div>\n<\/div>\n<\/div>\n<\/div>\n<\/div>\n<\/div>\n<\/div>\n<\/div>\n<\/div>\n<\/div>\n","protected":false},"featured_media":2877,"comment_status":"closed","ping_status":"closed","template":"","meta":[],"pwb-brand":[27],"product_brand":[91],"product_cat":[39,30],"product_tag":[],"class_list":{"0":"post-2876","1":"product","2":"type-product","3":"status-publish","4":"has-post-thumbnail","6":"pwb-brand-https-cz-oriflame-com-cataloguesstorebeautyobchod","7":"product_brand-oriflame","8":"product_cat-nocni-pece","9":"product_cat-pece-o-plet","11":"first","12":"instock","13":"sale","14":"taxable","15":"shipping-taxable","16":"purchasable","17":"product-type-simple"},"brands":[{"id":27,"name":"Oriflame","slug":"https-cz-oriflame-com-cataloguesstorebeautyobchod"}],"_links":{"self":[{"href":"https:\/\/priroda-uvadi.cz\/beauty\/wp-json\/wp\/v2\/product\/2876","targetHints":{"allow":["GET"]}}],"collection":[{"href":"https:\/\/priroda-uvadi.cz\/beauty\/wp-json\/wp\/v2\/product"}],"about":[{"href":"https:\/\/priroda-uvadi.cz\/beauty\/wp-json\/wp\/v2\/types\/product"}],"replies":[{"embeddable":true,"href":"https:\/\/priroda-uvadi.cz\/beauty\/wp-json\/wp\/v2\/comments?post=2876"}],"wp:featuredmedia":[{"embeddable":true,"href":"https:\/\/priroda-uvadi.cz\/beauty\/wp-json\/wp\/v2\/media\/2877"}],"wp:attachment":[{"href":"https:\/\/priroda-uvadi.cz\/beauty\/wp-json\/wp\/v2\/media?parent=2876"}],"wp:term":[{"taxonomy":"pwb-brand","embeddable":true,"href":"https:\/\/priroda-uvadi.cz\/beauty\/wp-json\/wp\/v2\/pwb-brand?post=2876"},{"taxonomy":"product_brand","embeddable":true,"href":"https:\/\/priroda-uvadi.cz\/beauty\/wp-json\/wp\/v2\/product_brand?post=2876"},{"taxonomy":"product_cat","embeddable":true,"href":"https:\/\/priroda-uvadi.cz\/beauty\/wp-json\/wp\/v2\/product_cat?post=2876"},{"taxonomy":"product_tag","embeddable":true,"href":"https:\/\/priroda-uvadi.cz\/beauty\/wp-json\/wp\/v2\/product_tag?post=2876"}],"curies":[{"name":"wp","href":"https:\/\/api.w.org\/{rel}","templated":true}]}}