{"id":2251,"date":"2022-01-11T16:45:47","date_gmt":"2022-01-11T15:45:47","guid":{"rendered":"https:\/\/priroda-uvadi.cz\/beauty\/?post_type=product&#038;p=2251"},"modified":"2025-11-17T12:34:52","modified_gmt":"2025-11-17T11:34:52","slug":"strojek-na-cisteni-pleti-skinpro","status":"publish","type":"product","link":"https:\/\/priroda-uvadi.cz\/beauty\/produkt\/strojek-na-cisteni-pleti-skinpro\/","title":{"rendered":"Strojek na \u010di\u0161t\u011bn\u00ed pleti SkinPro"},"content":{"rendered":"<p id=\"how-to-use\" class=\"bb\"><span style=\"font-family: arial, helvetica, sans-serif; color: #000000;\">N\u00e1vod k pou\u017eit\u00ed P\u0159\u00edstroj na \u010di\u0161t\u011bn\u00ed poko\u017eky obli\u010deje SkinPro<\/span><\/p>\n<ol>\n<li><span style=\"font-family: arial, helvetica, sans-serif; color: #000000;\"><span class=\"\">Navlh\u010dete hlavici kart\u00e1\u010dku vodou.<\/span><\/span><\/li>\n<li><span style=\"font-family: arial, helvetica, sans-serif; color: #000000;\">Naneste na obli\u010dej sv\u016fj obl\u00edben\u00fd \u010distic\u00ed prost\u0159edek Oriflame.<\/span><\/li>\n<li><span style=\"font-family: arial, helvetica, sans-serif; color: #000000;\">Mas\u00edrujte si \u010delo, tv\u00e1\u0159e a bradu lehk\u00fdmi krou\u017eiv\u00fdmi pohyby po dobu 1 minuty.<\/span><\/li>\n<li><span style=\"font-family: arial, helvetica, sans-serif; color: #000000;\">D\u016fkladn\u011b si umyjte obli\u010dej vodou. <\/span><\/li>\n<\/ol>\n<p id=\"story\" class=\"bb\"><span style=\"font-family: arial, helvetica, sans-serif; color: #000000;\">Informace o produktu SkinPro<br \/>\n<\/span><\/p>\n<div class=\"mb30\">\n<p><span style=\"font-family: arial, helvetica, sans-serif; color: #000000;\">Hloubkov\u011b \u010dist\u00ed a mas\u00edruje poko\u017eku, ani\u017e by ji po\u0161kodil ple\u0165. Pom\u00e1h\u00e1 odstra\u0148ovat make-up, ne\u010distoty a p\u0159ebyte\u010dn\u00fd lesk \u00fa\u010dinn\u011bji ne\u017e tradi\u010dn\u00ed myt\u00ed. <\/span><\/p>\n<ul>\n<li><span style=\"font-family: arial, helvetica, sans-serif; color: #000000;\">Poskytuje 8x z\u00e1\u0159iv\u011bj\u0161\u00ed ple\u0165*<\/span><\/li>\n<li><span style=\"font-family: arial, helvetica, sans-serif; color: #000000;\">Odlupuje odum\u0159el\u00e9 bu\u0148ky.<\/span><\/li>\n<li><span style=\"font-family: arial, helvetica, sans-serif; color: #000000;\">Odstra\u0148uje make-up a ne\u010distoty 5x \u00fa\u010dinn\u011bji ne\u017e tradi\u010dn\u00ed myt\u00ed**<\/span><\/li>\n<li><span style=\"font-family: arial, helvetica, sans-serif; color: #000000;\">D\u011bl\u00e1 p\u00f3ry m\u00e9n\u011b viditeln\u00e9 *<\/span><\/li>\n<li><span style=\"font-family: arial, helvetica, sans-serif; color: #000000;\">Poskytuje hlub\u0161\u00ed absorpci pe\u010duj\u00edc\u00edch produkt\u016f.<\/span><\/li>\n<li><span style=\"font-family: arial, helvetica, sans-serif; color: #000000;\">89 % \u017een se rozhodlo za\u0159adit pou\u017e\u00edv\u00e1n\u00ed p\u0159\u00edstroje do sv\u00e9 ka\u017edodenn\u00ed p\u00e9\u010de**<\/span><\/li>\n<\/ul>\n<p><span style=\"font-family: arial, helvetica, sans-serif; color: #000000;\">* Na z\u00e1klad\u011b klinick\u00fdch studi\u00ed in vivo s 30 \u017eenami. V\u00fdzkum trval 5 t\u00fddn\u016f.<\/span><\/p>\n<p><span style=\"font-family: arial, helvetica, sans-serif; color: #000000;\">** Na z\u00e1klad\u011b spot\u0159ebitelsk\u00e9ho testov\u00e1n\u00ed 66 \u017een ve v\u011bku 20 a\u017e 55 let. Testov\u00e1n\u00ed trvalo 4 t\u00fddny.<\/span><\/p>\n<p>&nbsp;<\/p>\n<\/div>\n","protected":false},"excerpt":{"rendered":"<p><span style=\"font-family: arial, helvetica, sans-serif; color: #000000;\">\u010cistic\u00ed syst\u00e9m SkinPro p\u0159edstavuje efektivn\u00ed \u010distic\u00ed kart\u00e1\u010dek s dv\u011bma rychlostmi, kter\u00fd jemn\u011b mas\u00edruje ple\u0165 a \u010dist\u00ed ji do hloubky. <\/span><\/p>\n<p><span style=\"font-family: arial, helvetica, sans-serif; color: #000000;\">Odstran\u00ed ne\u010distoty, make-up a maz l\u00e9pe, ne\u017e ru\u010dn\u00ed \u010di\u0161t\u011bn\u00ed; v\u00fdsledkem je viditeln\u011b hlad\u0161\u00ed, projasn\u011bn\u011bj\u0161\u00ed ple\u0165 s vyrovnan\u011bj\u0161\u00edm barevn\u00fdm t\u00f3nem.**<\/span><\/p>\n<article class=\"container\">\n<div class=\"product\">\n<div class=\"product-main big\">\n<div class=\"product-info\">\n<p class=\"product-desc\"><span style=\"font-family: arial, helvetica, sans-serif; color: #000000;\"><span class=\"goog-text-highlight\">Dvourychlostn\u00ed re\u017eim ot\u00e1\u010den\u00ed. <\/span>Sou\u010d\u00e1st\u00ed je n\u00e1stavec na m\u011bkk\u00fd kart\u00e1\u010d, stoj\u00e1nek, pouzdro, baterie a n\u00e1vod k pou\u017eit\u00ed.<\/span><\/p>\n<div class=\"woocommerce-product-details__short-description\">\n<div class=\"woocommerce-product-details__short-description\">\n<div class=\"woocommerce-product-details__short-description\">\n<div class=\"product-detail-1vqfu33\">\n<div class=\"product-detail-uyp0pw\">\n<div class=\"woocommerce-product-details__short-description\">\n<div class=\"product-detail-yv4fe8\">\n<div class=\"product-detail-v4i4af\">\n<div>\n<div class=\"woocommerce-product-details__short-description\">\n<div class=\"woocommerce-product-details__short-description\">\n<div class=\"product-detail-1yhj3ra\">\n<p class=\"product-detail-17mztir\" data-testid=\"Presentation-product-detail-LowestPreviousPrice\"><span style=\"font-family: arial, helvetica, sans-serif; font-size: 10pt;\">Nejni\u017e\u0161\u00ed cena platn\u00e1 ve 30 dnech p\u0159ed platnost\u00ed sou\u010dasn\u00e9 ceny byla 449 K\u010d<\/span><\/p>\n<\/div>\n<\/div>\n<\/div>\n<\/div>\n<\/div>\n<\/div>\n<\/div>\n<\/div>\n<\/div>\n<\/div>\n<\/div>\n<\/div>\n<\/div>\n<\/div>\n<\/div>\n<\/article>\n","protected":false},"featured_media":2252,"comment_status":"closed","ping_status":"closed","template":"","meta":[],"pwb-brand":[27],"product_brand":[91],"product_cat":[31],"product_tag":[],"class_list":{"0":"post-2251","1":"product","2":"type-product","3":"status-publish","4":"has-post-thumbnail","6":"pwb-brand-https-cz-oriflame-com-cataloguesstorebeautyobchod","7":"product_brand-oriflame","8":"product_cat-nekosmeticke-vyrobky","10":"first","11":"outofstock","12":"sale","13":"taxable","14":"shipping-taxable","15":"purchasable","16":"product-type-simple"},"brands":[{"id":27,"name":"Oriflame","slug":"https-cz-oriflame-com-cataloguesstorebeautyobchod"}],"_links":{"self":[{"href":"https:\/\/priroda-uvadi.cz\/beauty\/wp-json\/wp\/v2\/product\/2251","targetHints":{"allow":["GET"]}}],"collection":[{"href":"https:\/\/priroda-uvadi.cz\/beauty\/wp-json\/wp\/v2\/product"}],"about":[{"href":"https:\/\/priroda-uvadi.cz\/beauty\/wp-json\/wp\/v2\/types\/product"}],"replies":[{"embeddable":true,"href":"https:\/\/priroda-uvadi.cz\/beauty\/wp-json\/wp\/v2\/comments?post=2251"}],"wp:featuredmedia":[{"embeddable":true,"href":"https:\/\/priroda-uvadi.cz\/beauty\/wp-json\/wp\/v2\/media\/2252"}],"wp:attachment":[{"href":"https:\/\/priroda-uvadi.cz\/beauty\/wp-json\/wp\/v2\/media?parent=2251"}],"wp:term":[{"taxonomy":"pwb-brand","embeddable":true,"href":"https:\/\/priroda-uvadi.cz\/beauty\/wp-json\/wp\/v2\/pwb-brand?post=2251"},{"taxonomy":"product_brand","embeddable":true,"href":"https:\/\/priroda-uvadi.cz\/beauty\/wp-json\/wp\/v2\/product_brand?post=2251"},{"taxonomy":"product_cat","embeddable":true,"href":"https:\/\/priroda-uvadi.cz\/beauty\/wp-json\/wp\/v2\/product_cat?post=2251"},{"taxonomy":"product_tag","embeddable":true,"href":"https:\/\/priroda-uvadi.cz\/beauty\/wp-json\/wp\/v2\/product_tag?post=2251"}],"curies":[{"name":"wp","href":"https:\/\/api.w.org\/{rel}","templated":true}]}}

Strojek na čištění pleti SkinPro

<p id="how-to-use" class="bb"><span style="font-family: arial, helvetica, sans-serif; color: #000000;">Návod k použití Přístroj na čištění pokožky obličeje SkinPro</span></p>
<ol>
<li><span style="font-family: arial, helvetica, sans-serif; color: #000000;"><span class="">Navlhčete hlavici kartáčku vodou.</span></span></li>
<li><span style="font-family: arial, helvetica, sans-serif; color: #000000;">Naneste na obličej svůj oblíbený čisticí prostředek Oriflame.</span></li>
<li><span style="font-family: arial, helvetica, sans-serif; color: #000000;">Masírujte si čelo, tváře a bradu lehkými krouživými pohyby po dobu 1 minuty.</span></li>
<li><span style="font-family: arial, helvetica, sans-serif; color: #000000;">Důkladně si umyjte obličej vodou. </span></li>
</ol>
<p id="story" class="bb"><span style="font-family: arial, helvetica, sans-serif; color: #000000;">Informace o produktu SkinPro<br />
</span></p>
<div class="mb30">
<p><span style="font-family: arial, helvetica, sans-serif; color: #000000;">Hloubkově čistí a masíruje pokožku, aniž by ji poškodil pleť. Pomáhá odstraňovat make-up, nečistoty a přebytečný lesk účinněji než tradiční mytí. </span></p>
<ul>
<li><span style="font-family: arial, helvetica, sans-serif; color: #000000;">Poskytuje 8x zářivější pleť*</span></li>
<li><span style="font-family: arial, helvetica, sans-serif; color: #000000;">Odlupuje odumřelé buňky.</span></li>
<li><span style="font-family: arial, helvetica, sans-serif; color: #000000;">Odstraňuje make-up a nečistoty 5x účinněji než tradiční mytí**</span></li>
<li><span style="font-family: arial, helvetica, sans-serif; color: #000000;">Dělá póry méně viditelné *</span></li>
<li><span style="font-family: arial, helvetica, sans-serif; color: #000000;">Poskytuje hlubší absorpci pečujících produktů.</span></li>
<li><span style="font-family: arial, helvetica, sans-serif; color: #000000;">89 % žen se rozhodlo zařadit používání přístroje do své každodenní péče**</span></li>
</ul>
<p><span style="font-family: arial, helvetica, sans-serif; color: #000000;">* Na základě klinických studií in vivo s 30 ženami. Výzkum trval 5 týdnů.</span></p>
<p><span style="font-family: arial, helvetica, sans-serif; color: #000000;">** Na základě spotřebitelského testování 66 žen ve věku 20 až 55 let. Testování trvalo 4 týdny.</span></p>
<p>&nbsp;</p>
</div>

<p><span style="font-family: arial, helvetica, sans-serif; color: #000000;">Čisticí systém SkinPro představuje efektivní čisticí kartáček s dvěma rychlostmi, který jemně masíruje pleť a čistí ji do hloubky. </span></p>
<p><span style="font-family: arial, helvetica, sans-serif; color: #000000;">Odstraní nečistoty, make-up a maz lépe, než ruční čištění; výsledkem je viditelně hladší, projasněnější pleť s vyrovnanějším barevným tónem.**</span></p>
<article class="container">
<div class="product">
<div class="product-main big">
<div class="product-info">
<p class="product-desc"><span style="font-family: arial, helvetica, sans-serif; color: #000000;"><span class="goog-text-highlight">Dvourychlostní režim otáčení. </span>Součástí je nástavec na měkký kartáč, stojánek, pouzdro, baterie a návod k použití.</span></p>
<div class="woocommerce-product-details__short-description">
<div class="woocommerce-product-details__short-description">
<div class="woocommerce-product-details__short-description">
<div class="product-detail-1vqfu33">
<div class="product-detail-uyp0pw">
<div class="woocommerce-product-details__short-description">
<div class="product-detail-yv4fe8">
<div class="product-detail-v4i4af">
<div>
<div class="woocommerce-product-details__short-description">
<div class="woocommerce-product-details__short-description">
<div class="product-detail-1yhj3ra">
<p class="product-detail-17mztir" data-testid="Presentation-product-detail-LowestPreviousPrice"><span style="font-family: arial, helvetica, sans-serif; font-size: 10pt;">Nejnižší cena platná ve 30 dnech před platností současné ceny byla 449 Kč</span></p>
</div>
</div>
</div>
</div>
</div>
</div>
</div>
</div>
</div>
</div>
</div>
</div>
</div>
</div>
</div>
</article>
