{"id":1591,"date":"2022-11-26T06:13:48","date_gmt":"2022-11-26T05:13:48","guid":{"rendered":"https:\/\/priroda-uvadi.cz\/beauty\/?post_type=product&#038;p=1591"},"modified":"2026-04-14T18:25:53","modified_gmt":"2026-04-14T16:25:53","slug":"toaletni-voda-womens-collection-innocent-white-lilac","status":"publish","type":"product","link":"https:\/\/priroda-uvadi.cz\/beauty\/produkt\/toaletni-voda-womens-collection-innocent-white-lilac\/","title":{"rendered":"Toaletn\u00ed voda Women&#8217;s Collection Innocent White Lilac W EDT 50ml"},"content":{"rendered":"<p><strong><span style=\"font-family: arial, helvetica, sans-serif; color: #000000;\">Slo\u017een\u00ed t\u00e9to jemn\u00e9 v\u016fn\u011b je pudrov\u011b kv\u011btinov\u00e9.<\/span><\/strong><\/p>\n<p><span style=\"font-family: arial, helvetica, sans-serif; color: #000000;\"><strong>\u00davodn\u00ed t\u00f3ny<\/strong>: zelen\u00e9 listy<\/span><\/p>\n<p><span style=\"font-family: arial, helvetica, sans-serif; color: #000000;\"><strong>Srdce<\/strong>: b\u00edl\u00fd aromatick\u00fd \u0161e\u0159\u00edk<\/span><\/p>\n<p><span style=\"font-family: arial, helvetica, sans-serif; color: #000000;\"><strong>Z\u00e1v\u011bre\u010dn\u00e9 t\u00f3ny:<\/strong> heliotropn\u00ed kv\u011btiny<\/span><\/p>\n<hr \/>\n<p><span style=\"font-family: arial, helvetica, sans-serif; font-size: 10pt; color: #000000;\">V\u0161echny slo\u017eky<\/span><\/p>\n<p><span style=\"font-family: arial, helvetica, sans-serif; font-size: 10pt; color: #000000;\">ALCOHOL DENAT., AQUA, PARFUM, PEG-40 HYDROGENATED CASTOR OIL, HYDROXYCITRONELLAL, BENZYL SALICYLATE, BUTYL METHOXYDIBENZOYLMETHANE, LIMONENE, LINALOOL, CITRAL, ISOEUGENOL, COUMARIN, PHENOXYETHANOL<\/span><\/p>\n","protected":false},"excerpt":{"rendered":"<p><span style=\"font-family: arial, helvetica, sans-serif; color: #000000;\">Projd\u011bte se zahradou zalitou svitem m\u011bs\u00edce v \u00fapl\u0148ku. A\u017e projdete brankou, p\u0159iv\u00edtaj\u00ed v\u00e1s sv\u011b\u017e\u00ed t\u00f3ny orosen\u00fdch zelen\u00fdch list\u016f. Pudrov\u00e9 kv\u011btinov\u00e9 srdce z b\u00edl\u00fdch \u0161e\u0159\u00edk\u016f v\u00e1s zavede na sametovou stezku oto\u010dn\u00edk\u016f, po kter\u00e9 p\u0159ejdete do dozn\u011bn\u00ed v d\u0159evit\u00e9m akordu.\u00a0 50ml<\/span><\/p>\n<div class=\"woocommerce-product-details__short-description\">\n<div class=\"woocommerce-product-details__short-description\">\n<p><span style=\"font-size: 10pt; font-family: arial, helvetica, sans-serif;\">Nejni\u017e\u0161\u00ed cena platn\u00e1 ve 30 dnech p\u0159ed platnost\u00ed sou\u010dasn\u00e9 ceny byla 280 K\u010d.<\/span><\/p>\n<\/div>\n<\/div>\n","protected":false},"featured_media":1592,"comment_status":"closed","ping_status":"closed","template":"","meta":[],"pwb-brand":[27],"product_brand":[91],"product_cat":[17],"product_tag":[],"class_list":{"0":"post-1591","1":"product","2":"type-product","3":"status-publish","4":"has-post-thumbnail","6":"pwb-brand-https-cz-oriflame-com-cataloguesstorebeautyobchod","7":"product_brand-oriflame","8":"product_cat-vune-zeny","10":"first","11":"instock","12":"sale","13":"taxable","14":"shipping-taxable","15":"purchasable","16":"product-type-simple"},"brands":[{"id":27,"name":"Oriflame","slug":"https-cz-oriflame-com-cataloguesstorebeautyobchod"}],"_links":{"self":[{"href":"https:\/\/priroda-uvadi.cz\/beauty\/wp-json\/wp\/v2\/product\/1591","targetHints":{"allow":["GET"]}}],"collection":[{"href":"https:\/\/priroda-uvadi.cz\/beauty\/wp-json\/wp\/v2\/product"}],"about":[{"href":"https:\/\/priroda-uvadi.cz\/beauty\/wp-json\/wp\/v2\/types\/product"}],"replies":[{"embeddable":true,"href":"https:\/\/priroda-uvadi.cz\/beauty\/wp-json\/wp\/v2\/comments?post=1591"}],"wp:featuredmedia":[{"embeddable":true,"href":"https:\/\/priroda-uvadi.cz\/beauty\/wp-json\/wp\/v2\/media\/1592"}],"wp:attachment":[{"href":"https:\/\/priroda-uvadi.cz\/beauty\/wp-json\/wp\/v2\/media?parent=1591"}],"wp:term":[{"taxonomy":"pwb-brand","embeddable":true,"href":"https:\/\/priroda-uvadi.cz\/beauty\/wp-json\/wp\/v2\/pwb-brand?post=1591"},{"taxonomy":"product_brand","embeddable":true,"href":"https:\/\/priroda-uvadi.cz\/beauty\/wp-json\/wp\/v2\/product_brand?post=1591"},{"taxonomy":"product_cat","embeddable":true,"href":"https:\/\/priroda-uvadi.cz\/beauty\/wp-json\/wp\/v2\/product_cat?post=1591"},{"taxonomy":"product_tag","embeddable":true,"href":"https:\/\/priroda-uvadi.cz\/beauty\/wp-json\/wp\/v2\/product_tag?post=1591"}],"curies":[{"name":"wp","href":"https:\/\/api.w.org\/{rel}","templated":true}]}}