{"id":1404,"date":"2021-06-22T07:27:02","date_gmt":"2021-06-22T05:27:02","guid":{"rendered":"https:\/\/priroda-uvadi.cz\/beauty\/?post_type=product&#038;p=1404"},"modified":"2025-12-12T20:28:29","modified_gmt":"2025-12-12T19:28:29","slug":"micelarni-cistici-pece-3v1-diamond-cellular","status":"publish","type":"product","link":"https:\/\/priroda-uvadi.cz\/beauty\/produkt\/micelarni-cistici-pece-3v1-diamond-cellular\/","title":{"rendered":"Micel\u00e1rn\u00ed \u010distic\u00ed p\u00e9\u010de 3v1 Diamond Cellular 200ml"},"content":{"rendered":"<div class=\"tab g-center g12 active show-more-wrap\" data-rwd=\"{&quot;cssClass&quot;:{&quot;-1&quot;:&quot;g12&quot;,&quot;0&quot;:&quot;g9&quot;,&quot;1&quot;:&quot;g14&quot;,&quot;2&quot;:&quot;g18&quot;}}\">\n<p><span style=\"font-family: arial, helvetica, sans-serif; color: #000000;\">Obsahuje exkluzivn\u00ed diamantov\u00fd elix\u00edr, sm\u011bs skute\u010dn\u00e9ho diamantov\u00e9ho pr\u00e1\u0161ku a v\u00fdta\u017eku z b\u00edl\u00fdch lan\u00fd\u017e\u016f. Tato luxusn\u00ed kolekce proti st\u00e1rnut\u00ed va\u0161i ple\u0165 omlazuje na bun\u011b\u010dn\u00e9 \u00farovni a dop\u0159\u00e1v\u00e1 v\u00e1m n\u00e1dhernou, mladistvou, proz\u00e1\u0159enou poko\u017eku. <\/span><\/p>\n<p><span style=\"font-family: arial, helvetica, sans-serif; color: #000000;\">Kl\u00ed\u010dov\u00e9 ingredience obsahuj\u00ed:<\/span><\/p>\n<ul>\n<li><span style=\"font-family: arial, helvetica, sans-serif; color: #000000;\"><strong>White Diamond Elixir\u2122<\/strong> :<\/span><\/li>\n<\/ul>\n<ul>\n<li><span style=\"font-family: arial, helvetica, sans-serif; color: #000000;\"><strong>B\u00edl\u00e9 lan\u00fd\u017ee<\/strong> (extrakt z b\u00edl\u00fdch lan\u00fd\u017e\u016f\/Tuber aestiyum): pom\u00e1h\u00e1 zlep\u0161it vzhled pleti; z\u00e1rove\u0148 m\u00e1 toniza\u010dn\u00ed a vyhlazuj\u00edc\u00ed \u00fa\u010dinek na vr\u00e1sky.<\/span><\/li>\n<li><span style=\"font-family: arial, helvetica, sans-serif; color: #000000;\"><strong>Aktivn\u00ed slo\u017eka projas\u0148uj\u00edc\u00ed ple\u0165 <\/strong>extrakt z hrachu set\u00e9ho\/Pisum sativum): pom\u00e1h\u00e1 redukovat nerovnom\u011brnou pigmentaci a zlep\u0161it t\u00f3n pleti.<\/span><\/li>\n<\/ul>\n<ul>\n<li><span style=\"font-family: arial, helvetica, sans-serif; color: #000000;\"><strong>Micel\u00e1rn\u00ed technologie<\/strong> (Coco-Glucoside): zachycuje z pleti ne\u010distoty, jako je prach a maz<\/span><\/li>\n<\/ul>\n<p><strong><span style=\"font-family: arial, helvetica, sans-serif; color: #000000;\">POU\u017dIT\u00cd:<\/span><\/strong><\/p>\n<p><span style=\"font-family: arial, helvetica, sans-serif; color: #000000;\">Odstra\u0148te v\u0161echny ne\u010distoty jedn\u00edm tahem&#8230;<\/span><\/p>\n<ol>\n<li><span style=\"font-family: arial, helvetica, sans-serif; color: #000000;\">Naneste trochu \u010distic\u00ed p\u00e9\u010de na vatov\u00fd tamponek.<\/span><\/li>\n<li><span style=\"font-family: arial, helvetica, sans-serif; color: #000000;\">Ot\u00edrejte obli\u010dej, dokud neodstran\u00edte ve\u0161ker\u00e9 ne\u010distoty a tamponek nez\u016fstane \u010dist\u00fd.<\/span><\/li>\n<li><span style=\"font-family: arial, helvetica, sans-serif; color: #000000;\">Pot\u00e9 pou\u017eijte Kr\u00e9m pro omlazen\u00ed pleti Diamond Cellular.<\/span><\/li>\n<li><span style=\"font-family: arial, helvetica, sans-serif; color: #000000;\">Ve\u010der opakujte s t\u00edm, \u017ee na z\u00e1v\u011br pou\u017eijte No\u010dn\u00ed p\u00e9\u010di pro omlazen\u00ed pleti Diamond Cellular.<\/span><\/li>\n<\/ol>\n<\/div>\n","protected":false},"excerpt":{"rendered":"<div class=\"tab g-center g12 active show-more-wrap\" data-rwd=\"{&quot;cssClass&quot;:{&quot;-1&quot;:&quot;g12&quot;,&quot;0&quot;:&quot;g9&quot;,&quot;1&quot;:&quot;g14&quot;,&quot;2&quot;:&quot;g18&quot;}}\">\n<p><span style=\"font-family: arial, helvetica, sans-serif; color: #000000;\">Zbavte svou ple\u0165 make-upu a ne\u010distot pomoc\u00ed luxusn\u00edho produktu s p\u0159\u00edm\u011bs\u00ed diamantov\u00e9ho elix\u00edru a micel\u00e1rn\u00ed technologie, kter\u00fd slou\u017e\u00ed jako \u010distic\u00ed voda, toner a odstra\u0148ova\u010d make-upu v jednom!<\/span><\/p>\n<p><span style=\"font-family: arial, helvetica, sans-serif; color: #000000;\">200ml<\/span><\/p>\n<ul>\n<li><span style=\"font-family: arial, helvetica, sans-serif; color: #000000;\">S micel\u00e1rn\u00ed technologi\u00ed, kter\u00e1 b\u011bhem \u010di\u0161t\u011bn\u00ed efektivn\u011b pohlt\u00ed ve\u0161ker\u00e9 ne\u010distoty a maz na pleti<\/span><\/li>\n<li><span style=\"font-family: arial, helvetica, sans-serif; color: #000000;\">Projas\u0148uje poko\u017eku<\/span><\/li>\n<li><span style=\"font-family: arial, helvetica, sans-serif; color: #000000;\">Ple\u0165 je na pohled hebk\u00e1 a sv\u011b\u017e\u00ed<\/span><\/li>\n<li><span style=\"font-family: arial, helvetica, sans-serif; color: #000000;\">\u010cist\u00ed, t\u00f3nuje a zklid\u0148uje v jedin\u00e9m kroku<\/span><\/li>\n<li><span style=\"font-family: arial, helvetica, sans-serif; color: #000000;\">Bez obsahu m\u00fddla a alkoholu<\/span><\/li>\n<\/ul>\n<div class=\"woocommerce-product-details__short-description\">\n<div class=\"woocommerce-product-details__short-description\">\n<p><span style=\"font-family: arial, helvetica, sans-serif; font-size: 10pt;\">Nejni\u017e\u0161\u00ed cena platn\u00e1 ve 30 dnech p\u0159ed platnost\u00ed sou\u010dasn\u00e9 ceny byla 150 K\u010d.<\/span><\/p>\n<\/div>\n<\/div>\n<\/div>\n","protected":false},"featured_media":1405,"comment_status":"closed","ping_status":"closed","template":"","meta":[],"pwb-brand":[27],"product_brand":[91],"product_cat":[38,30],"product_tag":[],"class_list":{"0":"post-1404","1":"product","2":"type-product","3":"status-publish","4":"has-post-thumbnail","6":"pwb-brand-https-cz-oriflame-com-cataloguesstorebeautyobchod","7":"product_brand-oriflame","8":"product_cat-cisteni-pleti","9":"product_cat-pece-o-plet","11":"first","12":"instock","13":"sale","14":"taxable","15":"shipping-taxable","16":"purchasable","17":"product-type-simple"},"brands":[{"id":27,"name":"Oriflame","slug":"https-cz-oriflame-com-cataloguesstorebeautyobchod"}],"_links":{"self":[{"href":"https:\/\/priroda-uvadi.cz\/beauty\/wp-json\/wp\/v2\/product\/1404","targetHints":{"allow":["GET"]}}],"collection":[{"href":"https:\/\/priroda-uvadi.cz\/beauty\/wp-json\/wp\/v2\/product"}],"about":[{"href":"https:\/\/priroda-uvadi.cz\/beauty\/wp-json\/wp\/v2\/types\/product"}],"replies":[{"embeddable":true,"href":"https:\/\/priroda-uvadi.cz\/beauty\/wp-json\/wp\/v2\/comments?post=1404"}],"wp:featuredmedia":[{"embeddable":true,"href":"https:\/\/priroda-uvadi.cz\/beauty\/wp-json\/wp\/v2\/media\/1405"}],"wp:attachment":[{"href":"https:\/\/priroda-uvadi.cz\/beauty\/wp-json\/wp\/v2\/media?parent=1404"}],"wp:term":[{"taxonomy":"pwb-brand","embeddable":true,"href":"https:\/\/priroda-uvadi.cz\/beauty\/wp-json\/wp\/v2\/pwb-brand?post=1404"},{"taxonomy":"product_brand","embeddable":true,"href":"https:\/\/priroda-uvadi.cz\/beauty\/wp-json\/wp\/v2\/product_brand?post=1404"},{"taxonomy":"product_cat","embeddable":true,"href":"https:\/\/priroda-uvadi.cz\/beauty\/wp-json\/wp\/v2\/product_cat?post=1404"},{"taxonomy":"product_tag","embeddable":true,"href":"https:\/\/priroda-uvadi.cz\/beauty\/wp-json\/wp\/v2\/product_tag?post=1404"}],"curies":[{"name":"wp","href":"https:\/\/api.w.org\/{rel}","templated":true}]}}