{"id":1233,"date":"2021-05-13T11:03:43","date_gmt":"2021-05-13T09:03:43","guid":{"rendered":"https:\/\/priroda-uvadi.cz\/beauty\/?post_type=product&#038;p=1233"},"modified":"2025-10-23T12:08:53","modified_gmt":"2025-10-23T10:08:53","slug":"kondicioner-milk-honey-gold-pro-zarive-vlasy","status":"publish","type":"product","link":"https:\/\/priroda-uvadi.cz\/beauty\/produkt\/kondicioner-milk-honey-gold-pro-zarive-vlasy\/","title":{"rendered":"Kondicion\u00e9r Milk &#038; Honey Gold pro z\u00e1\u0159iv\u00e9 vlasy 250ml"},"content":{"rendered":"<p id=\"active-ingredients\" class=\"bb\"><span style=\"font-family: arial, helvetica, sans-serif; color: #000000;\">\u00da\u010dinn\u00e9 l\u00e1tky<\/span><\/p>\n<div class=\"mb30\">\n<p><span style=\"font-family: arial, helvetica, sans-serif; color: #000000;\">\u25cf <strong>Organick\u00fd ml\u00e9\u010dn\u00fd extrakt<\/strong> (sine adipe iac), bohat\u00fd na \u017eiviny, zvlh\u010duje vlasy a \u010din\u00ed proces \u010di\u0161t\u011bn\u00ed \u0161etrn\u011bj\u0161\u00edm.<\/span><\/p>\n<p><span style=\"font-family: arial, helvetica, sans-serif; color: #000000;\"><span class=\"\">\u25cf <\/span><strong><span class=\"\">Organick\u00fd extrakt z medu<\/span><\/strong><span class=\"\"> (mel) obsahuje cukr, zjem\u0148uje a vyhlazuje vlasy, stejn\u011b jako vitam\u00edny a miner\u00e1ly pro obnoven\u00ed a lesk.<\/span><\/span><\/p>\n<\/div>\n","protected":false},"excerpt":{"rendered":"<p class=\"product-desc\"><span style=\"font-family: arial, helvetica, sans-serif; color: #000000;\"><span class=\"\">Vylep\u0161en\u00e1 receptura s v\u00fdta\u017eky z organick\u00e9ho ml\u00e9ka a medu dod\u00e1v\u00e1 kade\u0159\u00ed je\u0161t\u011b v\u011bt\u0161\u00ed v\u00fd\u017eivu a hydrataci t\u00edm, \u017ee zadr\u017euje vlhkost uvnit\u0159 vlas\u016f. <\/span><\/span><\/p>\n<p><span style=\"font-family: arial, helvetica, sans-serif; color: #000000;\">\u25cf Vlasy jsou hebk\u00e9 a hedv\u00e1bn\u00e9; <\/span><\/p>\n<p><span style=\"font-family: arial, helvetica, sans-serif; color: #000000;\">\u25cf Usnad\u0148uje \u010des\u00e1n\u00ed; <\/span><\/p>\n<p><span style=\"font-family: arial, helvetica, sans-serif; color: #000000;\">\u25cf Vlas\u016fm dod\u00e1v\u00e1 legend\u00e1rn\u00ed v\u016fni ml\u00e9\u010dn\u00e9ho medu, d\u00edky n\u00ed\u017e je p\u00e9\u010de o vlasy opravdov\u00fdm pot\u011b\u0161en\u00edm.<\/span><\/p>\n<p><span style=\"font-family: arial, helvetica, sans-serif; color: #000000;\">250 ml<\/span><\/p>\n<p><span style=\"font-family: arial, helvetica, sans-serif; font-size: 10pt;\">Nejni\u017e\u0161\u00ed cena platn\u00e1 ve 30 dnech p\u0159ed platnost\u00ed sou\u010dasn\u00e9 ceny byla 130 K\u010d.<\/span><\/p>\n","protected":false},"featured_media":1234,"comment_status":"closed","ping_status":"closed","template":"","meta":[],"pwb-brand":[27],"product_brand":[91],"product_cat":[15,32],"product_tag":[],"class_list":{"0":"post-1233","1":"product","2":"type-product","3":"status-publish","4":"has-post-thumbnail","6":"pwb-brand-https-cz-oriflame-com-cataloguesstorebeautyobchod","7":"product_brand-oriflame","8":"product_cat-nezarazene","9":"product_cat-pece-o-vlasy","11":"first","12":"instock","13":"sale","14":"taxable","15":"shipping-taxable","16":"purchasable","17":"product-type-simple"},"brands":[{"id":27,"name":"Oriflame","slug":"https-cz-oriflame-com-cataloguesstorebeautyobchod"}],"_links":{"self":[{"href":"https:\/\/priroda-uvadi.cz\/beauty\/wp-json\/wp\/v2\/product\/1233","targetHints":{"allow":["GET"]}}],"collection":[{"href":"https:\/\/priroda-uvadi.cz\/beauty\/wp-json\/wp\/v2\/product"}],"about":[{"href":"https:\/\/priroda-uvadi.cz\/beauty\/wp-json\/wp\/v2\/types\/product"}],"replies":[{"embeddable":true,"href":"https:\/\/priroda-uvadi.cz\/beauty\/wp-json\/wp\/v2\/comments?post=1233"}],"wp:featuredmedia":[{"embeddable":true,"href":"https:\/\/priroda-uvadi.cz\/beauty\/wp-json\/wp\/v2\/media\/1234"}],"wp:attachment":[{"href":"https:\/\/priroda-uvadi.cz\/beauty\/wp-json\/wp\/v2\/media?parent=1233"}],"wp:term":[{"taxonomy":"pwb-brand","embeddable":true,"href":"https:\/\/priroda-uvadi.cz\/beauty\/wp-json\/wp\/v2\/pwb-brand?post=1233"},{"taxonomy":"product_brand","embeddable":true,"href":"https:\/\/priroda-uvadi.cz\/beauty\/wp-json\/wp\/v2\/product_brand?post=1233"},{"taxonomy":"product_cat","embeddable":true,"href":"https:\/\/priroda-uvadi.cz\/beauty\/wp-json\/wp\/v2\/product_cat?post=1233"},{"taxonomy":"product_tag","embeddable":true,"href":"https:\/\/priroda-uvadi.cz\/beauty\/wp-json\/wp\/v2\/product_tag?post=1233"}],"curies":[{"name":"wp","href":"https:\/\/api.w.org\/{rel}","templated":true}]}}