{"id":63,"date":"2020-12-11T12:00:32","date_gmt":"2020-12-11T11:00:32","guid":{"rendered":"https:\/\/priroda-uvadi.cz\/beauty\/?page_id=63"},"modified":"2020-12-11T12:00:32","modified_gmt":"2020-12-11T11:00:32","slug":"o-nas","status":"publish","type":"page","link":"https:\/\/priroda-uvadi.cz\/beauty\/o-nas\/","title":{"rendered":"O N\u00c1S"},"content":{"rendered":"<p><span style=\"font-family: arial, helvetica, sans-serif;\">Str\u00e1nka provozuje nez\u00e1visl\u00fd kosmetick\u00fd poradce Oriflame &#8211; Jind\u0159i\u0161ka Ma\u0148\u00e1kov\u00e1.<\/span><\/p>\n<p><span style=\"font-family: arial, helvetica, sans-serif;\">Tato str\u00e1nka nen\u00ed ur\u010dena pro zaregistrovan\u00e9 poradce Oriflame.<\/span><\/p>\n<p><span style=\"font-family: arial, helvetica, sans-serif;\"><sup>Chcete-li se zaregistrovat a vyu\u017e\u00edvat slevu 23% na sv\u00e9 n\u00e1kupy kosmetiky Oriflame<\/sup><sup> klikn\u011bte na odkaz <a href=\"http:\/\/priroda-uvadi.cz\/oriflame-registrace\/\" target=\"_blank\" rel=\"noopener\">zde.<\/a><\/sup><\/span><\/p>\n<p><span style=\"font-family: arial, helvetica, sans-serif;\">Toto nejsou ofici\u00e1ln\u00ed str\u00e1nky spole\u010dnosti ORIFLAME CZECH REPUBLIC, spol. s r.o. Tyto str\u00e1nky jsou osobn\u00edmi str\u00e1nkami nez\u00e1visl\u00e9ho kosmetick\u00e9ho poradce Oriflame. Ofici\u00e1ln\u00ed str\u00e1nky spole\u010dnosti naleznete na www.oriflame.cz<\/span><\/p>\n","protected":false},"excerpt":{"rendered":"<p>Str\u00e1nka provozuje nez\u00e1visl\u00fd kosmetick\u00fd poradce Oriflame &#8211; Jind\u0159i\u0161ka Ma\u0148\u00e1kov\u00e1. Tato str\u00e1nka nen\u00ed ur\u010dena pro zaregistrovan\u00e9 poradce Oriflame. Chcete-li se zaregistrovat a vyu\u017e\u00edvat slevu 23% na sv\u00e9 n\u00e1kupy kosmetiky Oriflame klikn\u011bte na odkaz zde. Toto nejsou ofici\u00e1ln\u00ed str\u00e1nky spole\u010dnosti ORIFLAME CZECH REPUBLIC, spol. s r.o. Tyto str\u00e1nky jsou osobn\u00edmi str\u00e1nkami nez\u00e1visl\u00e9ho kosmetick\u00e9ho poradce Oriflame. Ofici\u00e1ln\u00ed str\u00e1nky &hellip; <\/p>\n<p class=\"link-more\"><a href=\"https:\/\/priroda-uvadi.cz\/beauty\/o-nas\/\" class=\"more-link\">Continue reading<span class=\"screen-reader-text\"> &#8222;O N\u00c1S&#8220;<\/span><\/a><\/p>\n","protected":false},"author":1,"featured_media":0,"parent":0,"menu_order":0,"comment_status":"closed","ping_status":"closed","template":"","meta":{"footnotes":""},"class_list":["post-63","page","type-page","status-publish","hentry"],"_links":{"self":[{"href":"https:\/\/priroda-uvadi.cz\/beauty\/wp-json\/wp\/v2\/pages\/63","targetHints":{"allow":["GET"]}}],"collection":[{"href":"https:\/\/priroda-uvadi.cz\/beauty\/wp-json\/wp\/v2\/pages"}],"about":[{"href":"https:\/\/priroda-uvadi.cz\/beauty\/wp-json\/wp\/v2\/types\/page"}],"author":[{"embeddable":true,"href":"https:\/\/priroda-uvadi.cz\/beauty\/wp-json\/wp\/v2\/users\/1"}],"replies":[{"embeddable":true,"href":"https:\/\/priroda-uvadi.cz\/beauty\/wp-json\/wp\/v2\/comments?post=63"}],"version-history":[{"count":0,"href":"https:\/\/priroda-uvadi.cz\/beauty\/wp-json\/wp\/v2\/pages\/63\/revisions"}],"wp:attachment":[{"href":"https:\/\/priroda-uvadi.cz\/beauty\/wp-json\/wp\/v2\/media?parent=63"}],"curies":[{"name":"wp","href":"https:\/\/api.w.org\/{rel}","templated":true}]}}

O NÁS

<p><span style="font-family: arial, helvetica, sans-serif;">Stránka provozuje nezávislý kosmetický poradce Oriflame &#8211; Jindřiška Maňáková.</span></p>
<p><span style="font-family: arial, helvetica, sans-serif;">Tato stránka není určena pro zaregistrované poradce Oriflame.</span></p>
<p><span style="font-family: arial, helvetica, sans-serif;"><sup>Chcete-li se zaregistrovat a využívat slevu 23% na své nákupy kosmetiky Oriflame</sup><sup> klikněte na odkaz <a href="http://priroda-uvadi.cz/oriflame-registrace/" target="_blank" rel="noopener">zde.</a></sup></span></p>
<p><span style="font-family: arial, helvetica, sans-serif;">Toto nejsou oficiální stránky společnosti ORIFLAME CZECH REPUBLIC, spol. s r.o. Tyto stránky jsou osobními stránkami nezávislého kosmetického poradce Oriflame. Oficiální stránky společnosti naleznete na www.oriflame.cz</span></p>

<p>Stránka provozuje nezávislý kosmetický poradce Oriflame &#8211; Jindřiška Maňáková. Tato stránka není určena pro zaregistrované poradce Oriflame. Chcete-li se zaregistrovat a využívat slevu 23% na své nákupy kosmetiky Oriflame klikněte na odkaz zde. Toto nejsou oficiální stránky společnosti ORIFLAME CZECH REPUBLIC, spol. s r.o. Tyto stránky jsou osobními stránkami nezávislého kosmetického poradce Oriflame. Oficiální stránky &hellip; </p>
<p class="link-more"><a href="https://priroda-uvadi.cz/beauty/o-nas/" class="more-link">Continue reading<span class="screen-reader-text"> &#8222;O NÁS&#8220;</span></a></p>
